{"id":16001,"date":"2026-04-06T05:53:26","date_gmt":"2026-04-06T04:53:26","guid":{"rendered":"https:\/\/grillcentrum.shop\/gree\/produkt\/basen-ogrodowy-stelazowy-intex-457x122-zestaw-18w1\/"},"modified":"2026-04-11T02:22:33","modified_gmt":"2026-04-11T01:22:33","slug":"basen-ogrodowy-stelazowy-intex-457x122-zestaw-18w1","status":"publish","type":"product","link":"https:\/\/tivrano.shop\/grill\/produkt\/basen-ogrodowy-stelazowy-intex-457x122-zestaw-18w1\/","title":{"rendered":"BASEN OGRODOWY STELA\u017bOWY INTEX 457&#215;122 ZESTAW 18W1"},"content":{"rendered":"<div style=\"font-family: Arial, sans-serif; line-height: 1.6; color: #333; padding: 20px; clear: both; display: block; width: 100%; float: none; position: static; overflow: hidden;\">\n<div style=\"clear: both; display: block; margin: 10px 0;\">\n<div style=\"clear: both; display: block; margin: 10px 0;\">\n<div style=\"clear: both; display: block; margin: 10px 0;\">\n<h1>Basen ogrodowy stela\u017cowy 457 x 122 cm \u2605\u2605\u2605\u2605\u2605 Zestaw 18w1<\/h1>\n<p style=\"margin: 15px 0; line-height: 1.8; clear: both; display: block; width: 100%; float: none; position: static;\">Nr katalogowy INTEX \u00ae 26742-18W1<\/p>\n<\/div>\n<\/div>\n<\/div>\n<div style=\"clear: both; display: block; margin: 10px 0;\">\n<div style=\"clear: both; display: block; margin: 10px 0;\">\n<div style=\"clear: both; display: block; margin: 10px 0;\">\n<div  style=\"max-width:2500px;max-height:2500px\">\n<div style=\"clear: both; display: block; margin: 10px 0;\">\n<div style=\"clear: both; width: 100%; display: block; margin: 20px 0; padding: 0; float: none; position: static; text-align: center;\"><img decoding=\"async\"  src=\"https:\/\/a.allegroimg.com\/original\/11475b\/9e0c572e474d8f7c41c6e63d06ab\/BASEN-OGRODOWY-STELAZOWY-INTEX-457x122-ZESTAW-18W1\" srcset=\"https:\/\/a.allegroimg.com\/original\/11475b\/9e0c572e474d8f7c41c6e63d06ab\/BASEN-OGRODOWY-STELAZOWY-INTEX-457x122-ZESTAW-18W1 360w,https:\/\/a.allegroimg.com\/original\/11475b\/9e0c572e474d8f7c41c6e63d06ab\/BASEN-OGRODOWY-STELAZOWY-INTEX-457x122-ZESTAW-18W1 720w,https:\/\/a.allegroimg.com\/original\/11475b\/9e0c572e474d8f7c41c6e63d06ab\/BASEN-OGRODOWY-STELAZOWY-INTEX-457x122-ZESTAW-18W1 1024w,https:\/\/a.allegroimg.com\/original\/11475b\/9e0c572e474d8f7c41c6e63d06ab\/BASEN-OGRODOWY-STELAZOWY-INTEX-457x122-ZESTAW-18W1 1440w,https:\/\/a.allegroimg.com\/original\/11475b\/9e0c572e474d8f7c41c6e63d06ab\/BASEN-OGRODOWY-STELAZOWY-INTEX-457x122-ZESTAW-18W1 2500w\" sizes=\"(min-width: 1200px) 560px, (min-width: 992px) 50vw, 100vw\" width=\"2500px\" alt=\"BASEN OGRODOWY STELA\u017bOWY INTEX 457x122 ZESTAW 18W1\" style=\"max-width: 100%; height: auto; display: block; margin: 0 auto;\"><\/div>\n<\/div>\n<\/div>\n<\/div>\n<\/div>\n<div style=\"clear: both; display: block; margin: 10px 0;\">\n<div style=\"clear: both; display: block; margin: 10px 0;\">\n<h2>\u2605\u2605\u2605\u2605\u2605 PREMIUM DESIGN<\/h2>\n<p style=\"margin: 15px 0; line-height: 1.8; clear: both; display: block; width: 100%; float: none; position: static;\">\u2605 Je\u015bli potrzebujesz du\u017cego, niezawodnego basenu, w kt\u00f3rym b\u0119dziesz m\u00f3g\u0142 <b>swobodnie p\u0142ywa\u0107<\/b> &#8211; to idealny wyb\u00f3r dla Ciebie!<\/p>\n<p style=\"margin: 15px 0; line-height: 1.8; clear: both; display: block; width: 100%; float: none; position: static;\"><b>\u2605 <\/b>Gotowy <b>zestaw z kompletnym wyposa\u017ceniem \u2013<\/b> nie musisz sam szuka\u0107 wszystkich element\u00f3w.<\/p>\n<p style=\"margin: 15px 0; line-height: 1.8; clear: both; display: block; width: 100%; float: none; position: static;\">\u2605 Kupuj\u0105c basen INTEX z<b> dedykowanymi akcesoriami<\/b> masz pewno\u015b\u0107, \u017ce otrzymasz najwy\u017csz\u0105 jako\u015b\u0107 i wszystko b\u0119dzie do siebie pasowa\u0107.<\/p>\n<\/div>\n<\/div>\n<\/div>\n<div style=\"clear: both; display: block; margin: 10px 0;\">\n<div style=\"clear: both; display: block; margin: 10px 0;\">\n<div style=\"clear: both; display: block; margin: 10px 0;\">\n<h2>Zawarto\u015b\u0107 zestawu<\/h2>\n<ol>\n<li style=\"margin: 5px 0; padding: 2px 0; clear: both; display: list-item; float: none; position: static;\"><b>Basen stela\u017cowy 457 x 122 cm<\/b><\/li>\n<li style=\"margin: 5px 0; padding: 2px 0; clear: both; display: list-item; float: none; position: static;\"><b>Pompa filtruj\u0105ca<\/b><\/li>\n<li style=\"margin: 5px 0; padding: 2px 0; clear: both; display: list-item; float: none; position: static;\"><b>Filtr do pompy<\/b><\/li>\n<li style=\"margin: 5px 0; padding: 2px 0; clear: both; display: list-item; float: none; position: static;\"><b>Metalowa drabinka<\/b><\/li>\n<li style=\"margin: 5px 0; padding: 2px 0; clear: both; display: list-item; float: none; position: static;\"><b>Multitabletki 25 x 20 g<\/b><\/li>\n<li style=\"margin: 5px 0; padding: 2px 0; clear: both; display: list-item; float: none; position: static;\"><b>Dozownik chemii<\/b><\/li>\n<li style=\"margin: 5px 0; padding: 2px 0; clear: both; display: list-item; float: none; position: static;\"><b>Termometr basenowy<\/b><\/li>\n<li style=\"margin: 5px 0; padding: 2px 0; clear: both; display: list-item; float: none; position: static;\"><b>Pokrywa basenowa<\/b><\/li>\n<li style=\"margin: 5px 0; padding: 2px 0; clear: both; display: list-item; float: none; position: static;\"><b>Mata pod basen<\/b><\/li>\n<li style=\"margin: 5px 0; padding: 2px 0; clear: both; display: list-item; float: none; position: static;\"><b>R\u0119kawki do p\u0142ywania<\/b><\/li>\n<li style=\"margin: 5px 0; padding: 2px 0; clear: both; display: list-item; float: none; position: static;\"><b>Pi\u0142ka pla\u017cowa<\/b><\/li>\n<li style=\"margin: 5px 0; padding: 2px 0; clear: both; display: list-item; float: none; position: static;\"><b>Siatka do wy\u0142awiania nieczysto\u015bci<\/b><\/li>\n<li style=\"margin: 5px 0; padding: 2px 0; clear: both; display: list-item; float: none; position: static;\"><b>Sitka do pompy<\/b><\/li>\n<li style=\"margin: 5px 0; padding: 2px 0; clear: both; display: list-item; float: none; position: static;\"><b>Zaciski do pompy<\/b><\/li>\n<li style=\"margin: 5px 0; padding: 2px 0; clear: both; display: list-item; float: none; position: static;\"><b>W\u0119\u017ce do pompy<\/b><\/li>\n<li style=\"margin: 5px 0; padding: 2px 0; clear: both; display: list-item; float: none; position: static;\"><b>Instrukcja obs\u0142ugi<\/b><\/li>\n<li style=\"margin: 5px 0; padding: 2px 0; clear: both; display: list-item; float: none; position: static;\"><b>\u0141atka naprawcza<\/b><\/li>\n<li style=\"margin: 5px 0; padding: 2px 0; clear: both; display: list-item; float: none; position: static;\"><b>Przewodnik do pobrania<\/b>&nbsp;<b>w aukcji<\/b><\/li>\n<\/ol>\n<\/div>\n<\/div>\n<div style=\"clear: both; display: block; margin: 10px 0;\">\n<div style=\"clear: both; display: block; margin: 10px 0;\">\n<div  style=\"max-width:2500px;max-height:2125px\">\n<div style=\"clear: both; display: block; margin: 10px 0;\">\n<div style=\"clear: both; width: 100%; display: block; margin: 20px 0; padding: 0; float: none; position: static; text-align: center;\"><img decoding=\"async\"  src=\"https:\/\/a.allegroimg.com\/original\/065eab\/9795a7d147a2b93ce385d6e1fdeb\/BASEN-OGRODOWY-STELAZOWY-INTEX-457x122-ZESTAW-18W1-Marka-Intex\" srcset=\"https:\/\/a.allegroimg.com\/original\/065eab\/9795a7d147a2b93ce385d6e1fdeb\/BASEN-OGRODOWY-STELAZOWY-INTEX-457x122-ZESTAW-18W1-Marka-Intex 360w,https:\/\/a.allegroimg.com\/original\/065eab\/9795a7d147a2b93ce385d6e1fdeb\/BASEN-OGRODOWY-STELAZOWY-INTEX-457x122-ZESTAW-18W1-Marka-Intex 720w,https:\/\/a.allegroimg.com\/original\/065eab\/9795a7d147a2b93ce385d6e1fdeb\/BASEN-OGRODOWY-STELAZOWY-INTEX-457x122-ZESTAW-18W1-Marka-Intex 1024w,https:\/\/a.allegroimg.com\/original\/065eab\/9795a7d147a2b93ce385d6e1fdeb\/BASEN-OGRODOWY-STELAZOWY-INTEX-457x122-ZESTAW-18W1-Marka-Intex 1440w,https:\/\/a.allegroimg.com\/original\/065eab\/9795a7d147a2b93ce385d6e1fdeb\/BASEN-OGRODOWY-STELAZOWY-INTEX-457x122-ZESTAW-18W1-Marka-Intex 2500w\" sizes=\"(min-width: 1200px) 560px, (min-width: 992px) 50vw, 100vw\" width=\"2500px\" alt=\"BASEN OGRODOWY STELA\u017bOWY INTEX 457x122 ZESTAW 18W1 Marka Intex\" style=\"max-width: 100%; height: auto; display: block; margin: 0 auto;\"><\/div>\n<\/div>\n<\/div>\n<\/div>\n<\/div>\n<\/div>\n<div style=\"clear: both; display: block; margin: 10px 0;\">\n<div style=\"clear: both; display: block; margin: 10px 0;\">\n<div style=\"clear: both; display: block; margin: 10px 0;\">\n<div  style=\"max-width:2500px;max-height:619px\">\n<div style=\"clear: both; display: block; margin: 10px 0;\">\n<div style=\"clear: both; width: 100%; display: block; margin: 20px 0; padding: 0; float: none; position: static; text-align: center;\"><img decoding=\"async\"  src=\"https:\/\/a.allegroimg.com\/original\/111fc3\/a55a19bf4741bda392e9c86d6910\/BASEN-OGRODOWY-STELAZOWY-INTEX-457x122-ZESTAW-18W1-Kod-producenta-26742-18W1\" srcset=\"https:\/\/a.allegroimg.com\/original\/111fc3\/a55a19bf4741bda392e9c86d6910\/BASEN-OGRODOWY-STELAZOWY-INTEX-457x122-ZESTAW-18W1-Kod-producenta-26742-18W1 360w,https:\/\/a.allegroimg.com\/original\/111fc3\/a55a19bf4741bda392e9c86d6910\/BASEN-OGRODOWY-STELAZOWY-INTEX-457x122-ZESTAW-18W1-Kod-producenta-26742-18W1 720w,https:\/\/a.allegroimg.com\/original\/111fc3\/a55a19bf4741bda392e9c86d6910\/BASEN-OGRODOWY-STELAZOWY-INTEX-457x122-ZESTAW-18W1-Kod-producenta-26742-18W1 1024w,https:\/\/a.allegroimg.com\/original\/111fc3\/a55a19bf4741bda392e9c86d6910\/BASEN-OGRODOWY-STELAZOWY-INTEX-457x122-ZESTAW-18W1-Kod-producenta-26742-18W1 1440w,https:\/\/a.allegroimg.com\/original\/111fc3\/a55a19bf4741bda392e9c86d6910\/BASEN-OGRODOWY-STELAZOWY-INTEX-457x122-ZESTAW-18W1-Kod-producenta-26742-18W1 2500w\" sizes=\"100vw\" width=\"2500px\" alt=\"BASEN OGRODOWY STELA\u017bOWY INTEX 457x122 ZESTAW 18W1 Kod producenta 26742-18W1\" style=\"max-width: 100%; height: auto; display: block; margin: 0 auto;\"><\/div>\n<\/div>\n<\/div>\n<\/div>\n<\/div>\n<\/div>\n<div style=\"clear: both; display: block; margin: 10px 0;\">\n<div style=\"clear: both; display: block; margin: 10px 0;\">\n<div style=\"clear: both; display: block; margin: 10px 0;\">\n<div  style=\"max-width:2000px;max-height:1500px\">\n<div style=\"clear: both; display: block; margin: 10px 0;\">\n<div style=\"clear: both; width: 100%; display: block; margin: 20px 0; padding: 0; float: none; position: static; text-align: center;\"><img decoding=\"async\"  src=\"https:\/\/a.allegroimg.com\/original\/061998\/330588fe4e229110843e4bdcb6ac\/BASEN-OGRODOWY-STELAZOWY-INTEX-457x122-ZESTAW-18W1-Seria-GREYWOOD-PRISM-FRAME-PREMIUM-POOL\" srcset=\"https:\/\/a.allegroimg.com\/original\/061998\/330588fe4e229110843e4bdcb6ac\/BASEN-OGRODOWY-STELAZOWY-INTEX-457x122-ZESTAW-18W1-Seria-GREYWOOD-PRISM-FRAME-PREMIUM-POOL 360w,https:\/\/a.allegroimg.com\/original\/061998\/330588fe4e229110843e4bdcb6ac\/BASEN-OGRODOWY-STELAZOWY-INTEX-457x122-ZESTAW-18W1-Seria-GREYWOOD-PRISM-FRAME-PREMIUM-POOL 720w,https:\/\/a.allegroimg.com\/original\/061998\/330588fe4e229110843e4bdcb6ac\/BASEN-OGRODOWY-STELAZOWY-INTEX-457x122-ZESTAW-18W1-Seria-GREYWOOD-PRISM-FRAME-PREMIUM-POOL 1024w,https:\/\/a.allegroimg.com\/original\/061998\/330588fe4e229110843e4bdcb6ac\/BASEN-OGRODOWY-STELAZOWY-INTEX-457x122-ZESTAW-18W1-Seria-GREYWOOD-PRISM-FRAME-PREMIUM-POOL 1440w,https:\/\/a.allegroimg.com\/original\/061998\/330588fe4e229110843e4bdcb6ac\/BASEN-OGRODOWY-STELAZOWY-INTEX-457x122-ZESTAW-18W1-Seria-GREYWOOD-PRISM-FRAME-PREMIUM-POOL 2000w\" sizes=\"(min-width: 1200px) 560px, (min-width: 992px) 50vw, 100vw\" width=\"2000px\" alt=\"BASEN OGRODOWY STELA\u017bOWY INTEX 457x122 ZESTAW 18W1 Seria GREYWOOD PRISM FRAME PREMIUM POOL\" style=\"max-width: 100%; height: auto; display: block; margin: 0 auto;\"><\/div>\n<\/div>\n<\/div>\n<\/div>\n<\/div>\n<div style=\"clear: both; display: block; margin: 10px 0;\">\n<div style=\"clear: both; display: block; margin: 10px 0;\">\n<h2>\n","protected":false},"excerpt":{"rendered":"<p>Basen ogrodowy stela\u017cowy 457 x 122 cm \u2605\u2605\u2605\u2605\u2605 Zestaw 18w1<\/p>\n<p>Nr katalogowy INTEX \u00ae 26742-18W1<\/p>\n<p>\u2605\u2605\u2605\u2605\u2605 PREMIUM DESIGN<\/p>\n<p>\u2605 Je\u015bli potrzebujesz du\u017cego, niezawodnego basenu, w kt\u00f3rym b\u0119dziesz m\u00f3g\u0142 swobodnie p\u0142ywa\u0107 &#8211; to idealny wyb\u00f3r dla Ciebie!<\/p>\n<p>\u2605 Gotowy zestaw z kompletnym wyposa\u017ceniem \u2013 nie musisz sam szuka\u0107 wszystkich element\u00f3w.<\/p>\n<p>\u2605 Kupuj\u0105c basen INTEX z dedykowanymi akcesoriami masz pewno\u015b\u0107, \u017ce otrzymasz najwy\u017csz\u0105 jako\u015b\u0107 i wszystko b\u0119dzie do siebie pasowa\u0107.<\/p>\n<p>Zawarto\u015b\u0107 zestawu<\/p>\n<p>Basen stela\u017cowy 457 x 122 cm<\/p>\n","protected":false},"featured_media":16002,"template":"","meta":{"_uag_custom_page_level_css":""},"product_brand":[961],"product_cat":[914,913,541],"product_tag":[],"class_list":{"0":"post-16001","1":"product","2":"type-product","3":"status-publish","4":"has-post-thumbnail","6":"product_brand-intex","7":"product_cat-baseny","8":"product_cat-baseny-i-akcesoria","9":"product_cat-ogrod","11":"first","12":"instock","13":"sale","14":"shipping-taxable","15":"purchasable","16":"product-type-simple"},"uagb_featured_image_src":{"full":["https:\/\/tivrano.shop\/grill\/wp-content\/uploads\/2026\/04\/allegro-image-16001.jpg",2500,2500,false],"thumbnail":["https:\/\/tivrano.shop\/grill\/wp-content\/uploads\/2026\/04\/allegro-image-16001-150x150.jpg",150,150,true],"medium":["https:\/\/tivrano.shop\/grill\/wp-content\/uploads\/2026\/04\/allegro-image-16001-300x300.jpg",300,300,true],"medium_large":["https:\/\/tivrano.shop\/grill\/wp-content\/uploads\/2026\/04\/allegro-image-16001-768x768.jpg",768,768,true],"large":["https:\/\/tivrano.shop\/grill\/wp-content\/uploads\/2026\/04\/allegro-image-16001-1024x1024.jpg",1024,1024,true],"1536x1536":["https:\/\/tivrano.shop\/grill\/wp-content\/uploads\/2026\/04\/allegro-image-16001-1536x1536.jpg",1536,1536,true],"2048x2048":["https:\/\/tivrano.shop\/grill\/wp-content\/uploads\/2026\/04\/allegro-image-16001-2048x2048.jpg",2048,2048,true],"woocommerce_thumbnail":["https:\/\/tivrano.shop\/grill\/wp-content\/uploads\/2026\/04\/allegro-image-16001-300x300.jpg",300,300,true],"woocommerce_single":["https:\/\/tivrano.shop\/grill\/wp-content\/uploads\/2026\/04\/allegro-image-16001-600x600.jpg",600,600,true],"woocommerce_gallery_thumbnail":["https:\/\/tivrano.shop\/grill\/wp-content\/uploads\/2026\/04\/allegro-image-16001-100x100.jpg",100,100,true]},"uagb_author_info":{"display_name":"admin","author_link":"https:\/\/tivrano.shop\/grill\/author\/"},"uagb_comment_info":0,"uagb_excerpt":"Basen ogrodowy stela\u017cowy 457 x 122 cm \u2605\u2605\u2605\u2605\u2605 Zestaw 18w1 Nr katalogowy INTEX \u00ae 26742-18W1 \u2605\u2605\u2605\u2605\u2605 PREMIUM DESIGN \u2605 Je\u015bli potrzebujesz du\u017cego, niezawodnego basenu, w kt\u00f3rym b\u0119dziesz m\u00f3g\u0142 swobodnie p\u0142ywa\u0107 - to idealny wyb\u00f3r dla Ciebie! \u2605 Gotowy zestaw z kompletnym wyposa\u017ceniem \u2013 nie musisz sam szuka\u0107 wszystkich element\u00f3w. \u2605 Kupuj\u0105c basen INTEX z dedykowanymi&hellip;","_links":{"self":[{"href":"https:\/\/tivrano.shop\/grill\/wp-json\/wp\/v2\/product\/16001","targetHints":{"allow":["GET"]}}],"collection":[{"href":"https:\/\/tivrano.shop\/grill\/wp-json\/wp\/v2\/product"}],"about":[{"href":"https:\/\/tivrano.shop\/grill\/wp-json\/wp\/v2\/types\/product"}],"wp:featuredmedia":[{"embeddable":true,"href":"https:\/\/tivrano.shop\/grill\/wp-json\/wp\/v2\/media\/16002"}],"wp:attachment":[{"href":"https:\/\/tivrano.shop\/grill\/wp-json\/wp\/v2\/media?parent=16001"}],"wp:term":[{"taxonomy":"product_brand","embeddable":true,"href":"https:\/\/tivrano.shop\/grill\/wp-json\/wp\/v2\/product_brand?post=16001"},{"taxonomy":"product_cat","embeddable":true,"href":"https:\/\/tivrano.shop\/grill\/wp-json\/wp\/v2\/product_cat?post=16001"},{"taxonomy":"product_tag","embeddable":true,"href":"https:\/\/tivrano.shop\/grill\/wp-json\/wp\/v2\/product_tag?post=16001"}],"curies":[{"name":"wp","href":"https:\/\/api.w.org\/{rel}","templated":true}]}}