{"id":15767,"date":"2026-04-06T05:50:52","date_gmt":"2026-04-06T04:50:52","guid":{"rendered":"https:\/\/grillcentrum.shop\/gree\/produkt\/samozasysajacy-rozdrabniacz-do-galezi-rebak-frezowy-elektryczny-walcowy-pro\/"},"modified":"2026-04-11T02:22:26","modified_gmt":"2026-04-11T01:22:26","slug":"samozasysajacy-rozdrabniacz-do-galezi-rebak-frezowy-elektryczny-walcowy-pro","status":"publish","type":"product","link":"https:\/\/tivrano.shop\/grill\/produkt\/samozasysajacy-rozdrabniacz-do-galezi-rebak-frezowy-elektryczny-walcowy-pro\/","title":{"rendered":"SAMOZASYSAJ\u0104CY ROZDRABNIACZ DO GA\u0141\u0118ZI R\u0118BAK FREZOWY ELEKTRYCZNY WALCOWY PRO"},"content":{"rendered":"<div style=\"font-family: Arial, sans-serif; line-height: 1.6; color: #333; padding: 20px; clear: both; display: block; width: 100%; float: none; position: static; overflow: hidden;\">\n<div style=\"clear: both; display: block; margin: 10px 0;\">\n<div style=\"clear: both; display: block; margin: 10px 0;\">\n<div style=\"clear: both; display: block; margin: 10px 0;\">\n<h1>SAMOZASYSAJ\u0104CY ROZDRABNIACZ DO GA\u0141\u0118ZI R\u0118BAK FREZOWY ELEKTRYCZNY WALCOWY PRO<\/h1>\n<\/div>\n<\/div>\n<\/div>\n<div style=\"clear: both; display: block; margin: 10px 0;\">\n<div style=\"clear: both; display: block; margin: 10px 0;\">\n<div style=\"clear: both; display: block; margin: 10px 0;\">\n<h1>\u267b\ufe0f PORZ\u0104DEK W OGRODZIE W MGNIENIU OKA \u267b\ufe0f<\/h1>\n<p style=\"margin: 15px 0; line-height: 1.8; clear: both; display: block; width: 100%; float: none; position: static;\"><b>Rozdrabniacz frezowy <\/b>| \u015arednica ga\u0142\u0119zi&nbsp;<b>44 mm<\/b> |<b> Dwa worki o pojemno\u015bci a\u017c 60 l <\/b>| Moc max <b>3500 W <\/b>| <b>Uchwyt na popychacz<\/b> | Pr\u0119dko\u015b\u0107 obrotowa&nbsp;<b>60 rpm<\/b> | <b>Cichy <\/b>| Energooszcz\u0119dny | Zabezpieczenie przed przeci\u0105\u017ceniem | <b>Bieg wsteczny<\/b> | <b>Hamulec bezpiecze\u0144stwa<\/b> | Uchwyt transportowy | Du\u017ce ko\u0142a<\/p>\n<\/div>\n<\/div>\n<\/div>\n<div style=\"clear: both; display: block; margin: 10px 0;\">\n<div style=\"clear: both; display: block; margin: 10px 0;\">\n<div style=\"clear: both; display: block; margin: 10px 0;\">\n<div  style=\"max-width:2000px;max-height:638px\">\n<div style=\"clear: both; display: block; margin: 10px 0;\">\n<div style=\"clear: both; width: 100%; display: block; margin: 20px 0; padding: 0; float: none; position: static; text-align: center;\"><img decoding=\"async\"  src=\"https:\/\/a.allegroimg.com\/original\/1191b5\/ec7f9420436d9a36c3c0e1d7c972\" srcset=\"https:\/\/a.allegroimg.com\/original\/1191b5\/ec7f9420436d9a36c3c0e1d7c972 360w,https:\/\/a.allegroimg.com\/original\/1191b5\/ec7f9420436d9a36c3c0e1d7c972 720w,https:\/\/a.allegroimg.com\/original\/1191b5\/ec7f9420436d9a36c3c0e1d7c972 1024w,https:\/\/a.allegroimg.com\/original\/1191b5\/ec7f9420436d9a36c3c0e1d7c972 1440w,https:\/\/a.allegroimg.com\/original\/1191b5\/ec7f9420436d9a36c3c0e1d7c972 2000w\" sizes=\"100vw\" width=\"2000px\" alt=\"\" style=\"max-width: 100%; height: auto; display: block; margin: 0 auto;\"><\/div>\n<\/div>\n<\/div>\n<\/div>\n<\/div>\n<\/div>\n<div style=\"clear: both; display: block; margin: 10px 0;\">\n<div style=\"clear: both; display: block; margin: 10px 0;\">\n<div style=\"clear: both; display: block; margin: 10px 0;\">\n<h1>\u2699\ufe0f ShredWoodX 3500 \u2699\ufe0f<\/h1>\n<p style=\"margin: 15px 0; line-height: 1.8; clear: both; display: block; width: 100%; float: none; position: static;\">Zadbaj o sw\u00f3j ogr\u00f3d i pozb\u0105d\u017a si\u0119 b\u0142yskawicznie ga\u0142\u0119zi i zalegaj\u0105cych, ogrodowych odpad\u00f3w!<\/p>\n<p style=\"margin: 15px 0; line-height: 1.8; clear: both; display: block; width: 100%; float: none; position: static;\"><b>ShredWoodX 3500 to frezowy rozdrabniacz<\/b>, kt\u00f3ry \u0142\u0105czy ogromn\u0105 moc, solidn\u0105 konstrukcj\u0119 i funkcjonalno\u015b\u0107 &#8211; idealny do ogrodu i wi\u0119kszych prac porz\u0105dkowych.<\/p>\n<h1>\u2705 Co sprawia, \u017ce nasz rozdrabniacz jest najlepszym wyborem?<\/h1>\n<ul style=\"margin: 15px 0; padding-left: 20px; clear: both; display: block; width: 100%; float: none; position: static;\">\n<li style=\"margin: 5px 0; padding: 2px 0; clear: both; display: list-item; float: none; position: static;\"><b>Moc, kt\u00f3ra dzia\u0142a <\/b>&#8211; zapewnia niezr\u00f3wnan\u0105 wydajno\u015b\u0107 i si\u0142\u0119 do radzenia sobie z najgrubszymi ga\u0142\u0119ziami.<\/li>\n<li style=\"margin: 5px 0; padding: 2px 0; clear: both; display: list-item; float: none; position: static;\"><b>A\u017c dwa worki po 60 litr\u00f3w<\/b> &#8211; jako jedyni na rynku do\u0142\u0105czamy od razu dwa worki do zestawu!<\/li>\n<li style=\"margin: 5px 0; padding: 2px 0; clear: both; display: list-item; float: none; position: static;\"><b>System frezowy (walcowy) o wolnych obrotach<\/b> &#8211; precyzyjne i efektywne rozdrabnianie bez zb\u0119dnego ha\u0142asu.<\/li>\n<li style=\"margin: 5px 0; padding: 2px 0; clear: both; display: list-item; float: none; position: static;\"><b>Uchwyt na popychacz<\/b> &#8211; montowany z boku pozwala wygodnie przechowywa\u0107 popychacz, bez konieczno\u015bci ci\u0105g\u0142ego trzymania go w r\u0119ce.<\/li>\n<\/ul>\n<h3 style=\"color: #2c5aa0; font-size: 18px; margin: 30px 0 15px 0; font-weight: bold; clear: both; display: block; width: 100%; float: none; position: static;\">Daj swojemu ogrodowi drugie \u017cycie z Tokachi \u2013 wybierz jako\u015b\u0107, na kt\u00f3r\u0105 zas\u0142ugujesz!<\/h3>\n<h3 style=\"color: #2c5aa0; font-size: 18px; margin: 30px 0 15px 0; font-weight: bold; clear: both; display: block; width: 100%; float: none; position: static;\">\u2b50\u2b50\u2b50\u2b50\u2b50<\/h3>\n<\/div>\n<\/div>\n<div style=\"clear: both; display: block; margin: 10px 0;\">\n<div style=\"clear: both; display: block; margin: 10px 0;\">\n<div  style=\"max-width:2560px;max-height:2560px\">\n<div style=\"clear: both; display: block; margin: 10px 0;\">\n<div style=\"clear: both; width: 100%; display: block; margin: 20px 0; padding: 0; float: none; position: static; text-align: center;\"><img decoding=\"async\"  src=\"https:\/\/a.allegroimg.com\/original\/1165a1\/fac976a74c559b5780e7a924ee56\/SAMOZASYSAJACY-ROZDRABNIACZ-DO-GALEZI-REBAK-FREZOWY-ELEKTRYCZNY-WALCOWY-PRO-Stan-opakowania-oryginalne\" srcset=\"https:\/\/a.allegroimg.com\/original\/1165a1\/fac976a74c559b5780e7a924ee56\/SAMOZASYSAJACY-ROZDRABNIACZ-DO-GALEZI-REBAK-FREZOWY-ELEKTRYCZNY-WALCOWY-PRO-Stan-opakowania-oryginalne 360w,https:\/\/a.allegroimg.com\/original\/1165a1\/fac976a74c559b5780e7a924ee56\/SAMOZASYSAJACY-ROZDRABNIACZ-DO-GALEZI-REBAK-FREZOWY-ELEKTRYCZNY-WALCOWY-PRO-Stan-opakowania-oryginalne 720w,https:\/\/a.allegroimg.com\/original\/1165a1\/fac976a74c559b5780e7a924ee56\/SAMOZASYSAJACY-ROZDRABNIACZ-DO-GALEZI-REBAK-FREZOWY-ELEKTRYCZNY-WALCOWY-PRO-Stan-opakowania-oryginalne 1024w,https:\/\/a.allegroimg.com\/original\/1165a1\/fac976a74c559b5780e7a924ee56\/SAMOZASYSAJACY-ROZDRABNIACZ-DO-GALEZI-REBAK-FREZOWY-ELEKTRYCZNY-WALCOWY-PRO-Stan-opakowania-oryginalne 1440w,https:\/\/a.allegroimg.com\/original\/1165a1\/fac976a74c559b5780e7a924ee56\/SAMOZASYSAJACY-ROZDRABNIACZ-DO-GALEZI-REBAK-FREZOWY-ELEKTRYCZNY-WALCOWY-PRO-Stan-opakowania-oryginalne 2560w\" sizes=\"(min-width: 1200px) 560px, (min-width: 992px) 50vw, 100vw\" width=\"2560px\" alt=\"SAMOZASYSAJ\u0104CY ROZDRABNIACZ DO GA\u0141\u0118ZI R\u0118BAK FREZOWY ELEKTRYCZNY WALCOWY PRO Stan opakowania oryginalne\" style=\"max-width: 100%; height: auto; display: block; margin: 0 auto;\"><\/div>\n<\/div>\n<\/div>\n<\/div>\n<\/div>\n<\/div>\n<div style=\"clear: both; display: block; margin: 10px 0;\">\n<div style=\"clear: both; display: block; margin: 10px 0;\">\n<div style=\"clear: both; display: block; margin: 10px 0;\">\n<h1>\u2705 Frezowa moc do zada\u0144 specjalnych!<\/h1>\n<h3 style=\"color: #2c5aa0; font-size: 18px; margin: 30px 0 15px 0; font-weight: bold; clear: both; display: block; width: 100%; float: none; position: static;\">ShredWoodX 3500 to maszyna, kt\u00f3ra nie boi si\u0119 \u017cadnego wyzwania!<\/h3>\n<p style=\"margin: 15px 0; line-height: 1.8; clear: both; display: block; width: 100%; float: none; position: static;\">Dzi\u0119ki wysokiej mocy i <b>innowacyjnemu systemowi frezowemu<\/b>, nasz rozdrabniacz skutecznie radzi sobie z ga\u0142\u0119ziami o \u015brednicy <b>nawet do 44 mm<\/b> &#8211; to wystarczaj\u0105co, by poradzi\u0107 sobie z wi\u0119kszo\u015bci\u0105 odpad\u00f3w ogrodowych.<\/p>\n<p style=\"margin: 15px 0; line-height: 1.8; clear: both; display: block; width: 100%; float: none; position: static;\">\u27a1\ufe0f Frez jest wyj\u0105tkowo trwa\u0142y i nie wymaga wymiany ani ostrzenia, jak no\u017ce w innych rozdrabniaczach.<\/p>\n<p style=\"margin: 15px 0; line-height: 1.8; clear: both; display: block; width: 100%; float: none; position: static;\"><b>Frezowy rozdrabniacz ShredWoodX 3500 pracuje bez przerwy<\/b>, rozdrabniaj\u0105c ka\u017cd\u0105 ga\u0142\u0105\u017a na drobne kawa\u0142ki, nie trac\u0105c swojej mocy ani precyzji.<\/p>\n<p style=\"margin: 15px 0; line-height: 1.8; clear: both; display: block; width: 100%; float: none; position: static;\">\u27a1\ufe0f Wystarczy w\u0142o\u017cy\u0107 ga\u0142\u0105\u017a, a walec i frez zrobi\u0105 reszt\u0119, zasysaj\u0105c i rozdrabniaj\u0105c nawet najtwardsze ga\u0142\u0119zie z niespotykan\u0105 \u0142atwo\u015bci\u0105.<\/p>\n<h3 style=\"color: #2c5aa0; font-size: 18px; margin: 30px 0 15px 0; font-weight: bold; clear: both; display: block; width: 100%; float: none; position: static;\">ShredWoodX 3500 to pot\u0119ga frezu, kt\u00f3ra poradzi sobie z ka\u017cd\u0105 ga\u0142\u0119zi\u0105 \u2013 w ka\u017cdych warunkach!<\/h3>\n<\/div>\n<\/div>\n<div style=\"clear: both; display: block; margin: 10px 0;\">\n<div style=\"clear: both; display: block; margin: 10px 0;\">\n<div  style=\"max-width:1000px;max-height:1000px\">\n<div style=\"clear: both; display: block; margin: 10px 0;\">\n<div style=\"clear: both; width: 100%; display: block; margin: 20px 0; padding: 0; float: none; position: static; text-align: center;\"><img decoding=\"async\"  src=\"https:\/\/a.allegroimg.com\/original\/11c2a2\/27c5dbcc4d8ead44db362e7566d4\/SAMOZASYSAJACY-ROZDRABNIACZ-DO-GALEZI-REBAK-FREZOWY-ELEKTRYCZNY-WALCOWY-PRO-Max-srednica-galezi-44-mm\" srcset=\"https:\/\/a.allegroimg.com\/original\/11c2a2\/27c5dbcc4d8ead44db362e7566d4\/SAMOZASYSAJACY-ROZDRABNIACZ-DO-GALEZI-REBAK-FREZOWY-ELEKTRYCZNY-WALCOWY-PRO-Max-srednica-galezi-44-mm 360w,https:\/\/a.allegroimg.com\/original\/11c2a2\/27c5dbcc4d8ead44db362e7566d4\/SAMOZASYSAJACY-ROZDRABNIACZ-DO-GALEZI-REBAK-FREZOWY-ELEKTRYCZNY-WALCOWY-PRO-Max-srednica-galezi-44-mm 720w,https:\/\/a.allegroimg.com\/original\/11c2a2\/27c5dbcc4d8ead44db362e7566d4\/SAMOZASYSAJACY-ROZDRABNIACZ-DO-GALEZI-REBAK-FREZOWY-ELEKTRYCZNY-WALCOWY-PRO-Max-srednica-galezi-44-mm 1000w,https:\/\/a.allegroimg.com\/original\/11c2a2\/27c5dbcc4d8ead44db362e7566d4\/SAMOZASYSAJACY-ROZDRABNIACZ-DO-GALEZI-REBAK-FREZOWY-ELEKTRYCZNY-WALCOWY-PRO-Max-srednica-galezi-44-mm 1000w\" sizes=\"(min-width: 1200px) 560px, (min-width: 992px) 50vw, 100vw\" width=\"1000px\" alt=\"SAMOZASYSAJ\u0104CY ROZDRABNIACZ DO GA\u0141\u0118ZI R\u0118BAK FREZOWY ELEKTRYCZNY WALCOWY PRO Max \u015brednica ga\u0142\u0119zi 44 mm\" style=\"max-width: 100%; height: auto; display: block; margin: 0 auto;\"><\/div>\n<\/div>\n<\/div>\n<\/div>\n<\/div>\n<\/div>\n<div style=\"clear: both; display: block; margin: 10px 0;\">\n<div style=\"clear: both; display: block; margin: 10px 0;\">\n<div style=\"clear: both; display: block; margin: 10px 0;\">\n<h1>\u2705 Dwa worki w zestawie &#8211; bo komfort pracy to podstawa!<\/h1>\n<h3 style=\"color: #2c5aa0; font-size: 18px; margin: 30px 0 15px 0; font-weight: bold; clear: both; display: block; width: 100%; float: none; position: static;\">W tym zestawie z rozdrabniaczem znajdziesz dwa worki o pojemno\u015bci 60 litr\u00f3w ka\u017cdy &#8211; co\u015b, czego nie oferuj\u0105 inni!<\/h3>\n<p style=\"margin: 15px 0; line-height: 1.8; clear: both; display: block; width: 100%; float: none; position: static;\">Wi\u0119ksza pojemno\u015b\u0107 work\u00f3w sprawia, \u017ce nie b\u0119dziesz musia\u0142 tak cz\u0119sto ich opr\u00f3\u017cnia\u0107 &#8211; wszystko, co rozdrobnione, znajdzie od razu swoje miejsce.<\/p>\n<p style=\"margin: 15px 0; line-height: 1.8; clear: both; display: block; width: 100%; float: none; position: static;\">\u27a1\ufe0f Dzi\u0119ki takiej pojemno\u015bci, szybko i sprawnie zapakujesz wszystkie zr\u0119bki i ga\u0142\u0119zie, bez konieczno\u015bci przerywania pracy.<\/p>\n<p style=\"margin: 15px 0; line-height: 1.8; clear: both; display: block; width: 100%; float: none; position: static;\"><b>Oferowanie dw\u00f3ch work\u00f3w to nasza wyj\u0105tkowa propozycja<\/b> &#8211; pozwala to na wygodne kontynuowanie pracy bez konieczno\u015bci przesypywania w trakcie rozdrabniania.<\/p>\n<\/div>\n<\/div>\n<div style=\"clear: both; display: block; margin: 10px 0;\">\n<div style=\"clear: both; display: block; margin: 10px 0;\">\n<div  style=\"max-width:1000px;max-height:1400px\">\n<div style=\"clear: both; display: block; margin: 10px 0;\">\n<div style=\"clear: both; width: 100%; display: block; margin: 20px 0; padding: 0; float: none; position: static; text-align: center;\"><img decoding=\"async\"  src=\"https:\/\/a.allegroimg.com\/original\/1191dc\/7c92884b40b88ed56100c3be6183\/SAMOZASYSAJACY-ROZDRABNIACZ-DO-GALEZI-REBAK-FREZOWY-ELEKTRYCZNY-WALCOWY-PRO-Pojemnosc-zbiornika-60-l\" srcset=\"https:\/\/a.allegroimg.com\/original\/1191dc\/7c92884b40b88ed56100c3be6183\/SAMOZASYSAJACY-ROZDRABNIACZ-DO-GALEZI-REBAK-FREZOWY-ELEKTRYCZNY-WALCOWY-PRO-Pojemnosc-zbiornika-60-l 257w,https:\/\/a.allegroimg.com\/original\/1191dc\/7c92884b40b88ed56100c3be6183\/SAMOZASYSAJACY-ROZDRABNIACZ-DO-GALEZI-REBAK-FREZOWY-ELEKTRYCZNY-WALCOWY-PRO-Pojemnosc-zbiornika-60-l 514w,https:\/\/a.allegroimg.com\/original\/1191dc\/7c92884b40b88ed56100c3be6183\/SAMOZASYSAJACY-ROZDRABNIACZ-DO-GALEZI-REBAK-FREZOWY-ELEKTRYCZNY-WALCOWY-PRO-Pojemnosc-zbiornika-60-l 731w,https:\/\/a.allegroimg.com\/original\/1191dc\/7c92884b40b88ed56100c3be6183\/SAMOZASYSAJACY-ROZDRABNIACZ-DO-GALEZI-REBAK-FREZOWY-ELEKTRYCZNY-WALCOWY-PRO-Pojemnosc-zbiornika-60-l 1000w,https:\/\/a.allegroimg.com\/original\/1191dc\/7c92884b40b88ed56100c3be6183\/SAMOZASYSAJACY-ROZDRABNIACZ-DO-GALEZI-REBAK-FREZOWY-ELEKTRYCZNY-WALCOWY-PRO-Pojemnosc-zbiornika-60-l 1000w\" sizes=\"(min-width: 1200px) 560px, (min-width: 992px) 50vw, 100vw\" width=\"1000px\" alt=\"SAMOZASYSAJ\u0104CY ROZDRABNIACZ DO GA\u0141\u0118ZI R\u0118BAK FREZOWY ELEKTRYCZNY WALCOWY PRO Pojemno\u015b\u0107 zbiornika 60 l\" style=\"max-width: 100%; height: auto; display: block; margin: 0 auto;\"><\/div>\n<\/div>\n<\/div>\n<\/div>\n<\/div>\n<\/div>\n<div style=\"clear: both; display: block; margin: 10px 0;\">\n<div style=\"clear: both; display: block; margin: 10px 0;\">\n<div style=\"clear: both; display: block; margin: 10px 0;\">\n<h1>\u2705 Cicha rewolucja w rozdrabnianiu ga\u0142\u0119zi!<\/h1>\n<p style=\"margin: 15px 0; line-height: 1.8; clear: both; display: block; width: 100%; float: none; position: static;\">Nasz najnowszy model rozdrabniacza dzia\u0142a z<b> imponuj\u0105c\u0105 wydajno\u015bci\u0105<\/b>, a jednocze\u015bnie jest<b> znacznie cichszy od standardowych modeli no\u017cowych<\/b>.<\/p>\n<p style=\"margin: 15px 0; line-height: 1.8; clear: both; display: block; width: 100%; float: none; position: static;\">\u27a1\ufe0f Dzi\u0119ki zastosowaniu precyzyjnie zaprojektowanego <b>walca frezowego<\/b>, drastycznie zredukowano poziom ha\u0142asu, co czyni go idealnym rozwi\u0105zaniem do pracy w przydomowym otoczeniu.<\/p>\n<h3 style=\"color: #2c5aa0; font-size: 18px; margin: 30px 0 15px 0; font-weight: bold; clear: both; display: block; width: 100%; float: none; position: static;\">Dlaczego warto wybra\u0107 frezowy mechanizm?<\/h3>\n<ul style=\"margin: 15px 0; padding-left: 20px; clear: both; display: block; width: 100%; float: none; position: static;\">\n<li style=\"margin: 5px 0; padding: 2px 0; clear: both; display: list-item; float: none; position: static;\"><b>Niski poziom ha\u0142asu<\/b> &#8211; bez g\u0142o\u015bnego d\u017awi\u0119ku ostrzy w ruchu, praca z rozdrabniaczem jest bardziej komfortowa zar\u00f3wno dla Ciebie, jak i Twoich s\u0105siad\u00f3w.<\/li>\n<li style=\"margin: 5px 0; padding: 2px 0; clear: both; display: list-item; float: none; position: static;\"><b>Skuteczno\u015b\u0107 i trwa\u0142o\u015b\u0107<\/b> &#8211; frez jest odporny na zu\u017cycie, eliminuj\u0105c konieczno\u015b\u0107 cz\u0119stej konserwacji, ostrzenia czy wymiany ostrzy.<\/li>\n<li style=\"margin: 5px 0; padding: 2px 0; clear: both; display: list-item; float: none; position: static;\"><b>\u0141atwo\u015b\u0107 w obs\u0142udze du\u017cych ga\u0142\u0119zi <\/b>&#8211; frez radzi sobie nawet z twardymi ga\u0142\u0119ziami o \u015brednicy do 44 mm!<\/li>\n<\/ul>\n<\/div>\n<\/div>\n<div style=\"clear: both; display: block; margin: 10px 0;\">\n<div style=\"clear: both; display: block; margin: 10px 0;\">\n<div  style=\"max-width:1000px;max-height:1000px\">\n<div style=\"clear: both; display: block; margin: 10px 0;\">\n<div style=\"clear: both; width: 100%; display: block; margin: 20px 0; padding: 0; float: none; position: static; text-align: center;\"><img decoding=\"async\"  src=\"https:\/\/a.allegroimg.com\/original\/11f73a\/cb7a33b94dc991552bbaa029029f\/SAMOZASYSAJACY-ROZDRABNIACZ-DO-GALEZI-REBAK-FREZOWY-ELEKTRYCZNY-WALCOWY-PRO-Wysokosc-produktu-90-5-cm\" srcset=\"https:\/\/a.allegroimg.com\/original\/11f73a\/cb7a33b94dc991552bbaa029029f\/SAMOZASYSAJACY-ROZDRABNIACZ-DO-GALEZI-REBAK-FREZOWY-ELEKTRYCZNY-WALCOWY-PRO-Wysokosc-produktu-90-5-cm 360w,https:\/\/a.allegroimg.com\/original\/11f73a\/cb7a33b94dc991552bbaa029029f\/SAMOZASYSAJACY-ROZDRABNIACZ-DO-GALEZI-REBAK-FREZOWY-ELEKTRYCZNY-WALCOWY-PRO-Wysokosc-produktu-90-5-cm 720w,https:\/\/a.allegroimg.com\/original\/11f73a\/cb7a33b94dc991552bbaa029029f\/SAMOZASYSAJACY-ROZDRABNIACZ-DO-GALEZI-REBAK-FREZOWY-ELEKTRYCZNY-WALCOWY-PRO-Wysokosc-produktu-90-5-cm 1000w,https:\/\/a.allegroimg.com\/original\/11f73a\/cb7a33b94dc991552bbaa029029f\/SAMOZASYSAJACY-ROZDRABNIACZ-DO-GALEZI-REBAK-FREZOWY-ELEKTRYCZNY-WALCOWY-PRO-Wysokosc-produktu-90-5-cm 1000w\" sizes=\"(min-width: 1200px) 560px, (min-width: 992px) 50vw, 100vw\" width=\"1000px\" alt=\"SAMOZASYSAJ\u0104CY ROZDRABNIACZ DO GA\u0141\u0118ZI R\u0118BAK FREZOWY ELEKTRYCZNY WALCOWY PRO Wysoko\u015b\u0107 produktu 90.5 cm\" style=\"max-width: 100%; height: auto; display: block; margin: 0 auto;\"><\/div>\n<\/div>\n<\/div>\n<\/div>\n<\/div>\n<\/div>\n<div style=\"clear: both; display: block; margin: 10px 0;\">\n<div style=\"clear: both; display: block; margin: 10px 0;\">\n<div style=\"clear: both; display: block; margin: 10px 0;\">\n<h1>\u2705 Do czego sprawdzi si\u0119 nasz rozdrabniacz frezowy?<\/h1>\n<p style=\"margin: 15px 0; line-height: 1.8; clear: both; display: block; width: 100%; float: none; position: static;\"><b>ShredWoodX 3500<\/b> to niezast\u0105piony pomocnik w ka\u017cdym ogrodzie i na ka\u017cdej posesji. Oto, do czego go mo\u017cesz wykorzysta\u0107:<\/p>\n<ul style=\"margin: 15px 0; padding-left: 20px; clear: both; display: block; width: 100%; float: none; position: static;\">\n<li style=\"margin: 5px 0; padding: 2px 0; clear: both; display: list-item; float: none; position: static;\">Porz\u0105dkowanie ga\u0142\u0119zi po ci\u0119ciu drzew i krzew\u00f3w<\/li>\n<li style=\"margin: 5px 0; padding: 2px 0; clear: both; display: list-item; float: none; position: static;\">Przygotowywanie materia\u0142u na kompost<\/li>\n<li style=\"margin: 5px 0; padding: 2px 0; clear: both; display: list-item; float: none; position: static;\">Usuwanie resztek po wycince krzew\u00f3w i drzew<\/li>\n<li style=\"margin: 5px 0; padding: 2px 0; clear: both; display: list-item; float: none; position: static;\">Tworzenie mulczu do ogrodu<\/li>\n<li style=\"margin: 5px 0; padding: 2px 0; clear: both; display: list-item; float: none; position: static;\">Prace przy porz\u0105dkowaniu dzia\u0142ek i ogrod\u00f3w<\/li>\n<li style=\"margin: 5px 0; padding: 2px 0; clear: both; display: list-item; float: none; position: static;\">Usuwanie niepotrzebnych ro\u015blin<\/li>\n<\/ul>\n<h3 style=\"color: #2c5aa0; font-size: 18px; margin: 30px 0 15px 0; font-weight: bold; clear: both; display: block; width: 100%; float: none; position: static;\">Nasz rozdrabniacz sprosta wszelkim zadaniom zwi\u0105zanym z obr\u00f3bk\u0105 ga\u0142\u0119zi i innych odpad\u00f3w ogrodowych \u2013 idealny do u\u017cytku w ka\u017cdym ogrodzie!<\/h3>\n<\/div>\n<\/div>\n<\/div>\n<div style=\"clear: both; display: block; margin: 10px 0;\">\n<div style=\"clear: both; display: block; margin: 10px 0;\">\n<div style=\"clear: both; display: block; margin: 10px 0;\">\n<div  style=\"max-width:2000px;max-height:638px\">\n<div style=\"clear: both; display: block; margin: 10px 0;\">\n<div style=\"clear: both; width: 100%; display: block; margin: 20px 0; padding: 0; float: none; position: static; text-align: center;\"><img decoding=\"async\"  src=\"https:\/\/a.allegroimg.com\/original\/11f480\/b653a95449caa2ab74dd452ca44f\" srcset=\"https:\/\/a.allegroimg.com\/original\/11f480\/b653a95449caa2ab74dd452ca44f 360w,https:\/\/a.allegroimg.com\/original\/11f480\/b653a95449caa2ab74dd452ca44f 720w,https:\/\/a.allegroimg.com\/original\/11f480\/b653a95449caa2ab74dd452ca44f 1024w,https:\/\/a.allegroimg.com\/original\/11f480\/b653a95449caa2ab74dd452ca44f 1440w,https:\/\/a.allegroimg.com\/original\/11f480\/b653a95449caa2ab74dd452ca44f 2000w\" sizes=\"100vw\" width=\"2000px\" alt=\"\" style=\"max-width: 100%; height: auto; display: block; margin: 0 auto;\"><\/div>\n<\/div>\n<\/div>\n<\/div>\n<\/div>\n<\/div>\n<div style=\"clear: both; display: block; margin: 10px 0;\">\n<div style=\"clear: both; display: block; margin: 10px 0;\">\n<div style=\"clear: both; display: block; margin: 10px 0;\">\n<h1>\u2705 <\/p>\n","protected":false},"excerpt":{"rendered":"<p>SAMOZASYSAJ\u0104CY ROZDRABNIACZ DO GA\u0141\u0118ZI R\u0118BAK FREZOWY ELEKTRYCZNY WALCOWY PRO<\/p>\n<p>\u267b\ufe0f PORZ\u0104DEK W OGRODZIE W MGNIENIU OKA \u267b\ufe0f<\/p>\n<p>Rozdrabniacz frezowy | \u015arednica ga\u0142\u0119zi&nbsp;44 mm | Dwa worki o pojemno\u015bci a\u017c 60 l | Moc max 3500 W | Uchwyt na popychacz | Pr\u0119dko\u015b\u0107 obrotowa&nbsp;60 rpm | Cichy | Energooszcz\u0119dny | Zabezpieczenie przed przeci\u0105\u017ceniem | Bieg wsteczny | Hamulec bezpiecze\u0144stwa | Uchwyt transportowy | Du\u017ce ko\u0142a<\/p>\n<p>\u2699\ufe0f ShredWoodX 3500 \u2699\ufe0f<\/p>\n<p>Zadbaj o sw\u00f3j ogr\u00f3d i pozb\u0105d\u017a si\u0119 b\u0142yskawicznie ga\u0142\u0119zi i zalegaj\u0105cych, ogrodowych odpad\u00f3w!<\/p>\n","protected":false},"featured_media":15768,"template":"","meta":{"_uag_custom_page_level_css":""},"product_brand":[871],"product_cat":[866,541,872],"product_tag":[],"class_list":{"0":"post-15767","1":"product","2":"type-product","3":"status-publish","4":"has-post-thumbnail","6":"product_brand-tokachi","7":"product_cat-narzedzia-ogrodnicze","8":"product_cat-ogrod","9":"product_cat-rozdrabniacze","11":"first","12":"instock","13":"sale","14":"shipping-taxable","15":"purchasable","16":"product-type-simple"},"uagb_featured_image_src":{"full":["https:\/\/tivrano.shop\/grill\/wp-content\/uploads\/2026\/04\/allegro-image-15767.jpg",1500,1500,false],"thumbnail":["https:\/\/tivrano.shop\/grill\/wp-content\/uploads\/2026\/04\/allegro-image-15767-150x150.jpg",150,150,true],"medium":["https:\/\/tivrano.shop\/grill\/wp-content\/uploads\/2026\/04\/allegro-image-15767-300x300.jpg",300,300,true],"medium_large":["https:\/\/tivrano.shop\/grill\/wp-content\/uploads\/2026\/04\/allegro-image-15767-768x768.jpg",768,768,true],"large":["https:\/\/tivrano.shop\/grill\/wp-content\/uploads\/2026\/04\/allegro-image-15767-1024x1024.jpg",1024,1024,true],"1536x1536":["https:\/\/tivrano.shop\/grill\/wp-content\/uploads\/2026\/04\/allegro-image-15767.jpg",1500,1500,false],"2048x2048":["https:\/\/tivrano.shop\/grill\/wp-content\/uploads\/2026\/04\/allegro-image-15767.jpg",1500,1500,false],"woocommerce_thumbnail":["https:\/\/tivrano.shop\/grill\/wp-content\/uploads\/2026\/04\/allegro-image-15767-300x300.jpg",300,300,true],"woocommerce_single":["https:\/\/tivrano.shop\/grill\/wp-content\/uploads\/2026\/04\/allegro-image-15767-600x600.jpg",600,600,true],"woocommerce_gallery_thumbnail":["https:\/\/tivrano.shop\/grill\/wp-content\/uploads\/2026\/04\/allegro-image-15767-100x100.jpg",100,100,true]},"uagb_author_info":{"display_name":"admin","author_link":"https:\/\/tivrano.shop\/grill\/author\/"},"uagb_comment_info":0,"uagb_excerpt":"SAMOZASYSAJ\u0104CY ROZDRABNIACZ DO GA\u0141\u0118ZI R\u0118BAK FREZOWY ELEKTRYCZNY WALCOWY PRO \u267b\ufe0f PORZ\u0104DEK W OGRODZIE W MGNIENIU OKA \u267b\ufe0f Rozdrabniacz frezowy | \u015arednica ga\u0142\u0119zi&nbsp;44 mm | Dwa worki o pojemno\u015bci a\u017c 60 l | Moc max 3500 W | Uchwyt na popychacz | Pr\u0119dko\u015b\u0107 obrotowa&nbsp;60 rpm | Cichy | Energooszcz\u0119dny | Zabezpieczenie przed przeci\u0105\u017ceniem | Bieg wsteczny&hellip;","_links":{"self":[{"href":"https:\/\/tivrano.shop\/grill\/wp-json\/wp\/v2\/product\/15767","targetHints":{"allow":["GET"]}}],"collection":[{"href":"https:\/\/tivrano.shop\/grill\/wp-json\/wp\/v2\/product"}],"about":[{"href":"https:\/\/tivrano.shop\/grill\/wp-json\/wp\/v2\/types\/product"}],"wp:featuredmedia":[{"embeddable":true,"href":"https:\/\/tivrano.shop\/grill\/wp-json\/wp\/v2\/media\/15768"}],"wp:attachment":[{"href":"https:\/\/tivrano.shop\/grill\/wp-json\/wp\/v2\/media?parent=15767"}],"wp:term":[{"taxonomy":"product_brand","embeddable":true,"href":"https:\/\/tivrano.shop\/grill\/wp-json\/wp\/v2\/product_brand?post=15767"},{"taxonomy":"product_cat","embeddable":true,"href":"https:\/\/tivrano.shop\/grill\/wp-json\/wp\/v2\/product_cat?post=15767"},{"taxonomy":"product_tag","embeddable":true,"href":"https:\/\/tivrano.shop\/grill\/wp-json\/wp\/v2\/product_tag?post=15767"}],"curies":[{"name":"wp","href":"https:\/\/api.w.org\/{rel}","templated":true}]}}