{"id":15739,"date":"2026-04-06T05:50:32","date_gmt":"2026-04-06T04:50:32","guid":{"rendered":"https:\/\/grillcentrum.shop\/gree\/produkt\/duza-piaskownica-xxl-z-daszkiem-drewniana-impregnowana-140-6-kolorow-daszka\/"},"modified":"2026-04-11T02:22:22","modified_gmt":"2026-04-11T01:22:22","slug":"duza-piaskownica-xxl-z-daszkiem-drewniana-impregnowana-140-6-kolorow-daszka","status":"publish","type":"product","link":"https:\/\/tivrano.shop\/grill\/produkt\/duza-piaskownica-xxl-z-daszkiem-drewniana-impregnowana-140-6-kolorow-daszka\/","title":{"rendered":"Du\u017ca Piaskownica XXL z Daszkiem Drewniana Impregnowana 140 6 Kolor\u00f3w Daszka"},"content":{"rendered":"<div style=\"font-family: Arial, sans-serif; line-height: 1.6; color: #333; padding: 20px; clear: both; display: block; width: 100%; float: none; position: static; overflow: hidden;\">\n<div style=\"clear: both; display: block; margin: 10px 0;\">\n<div style=\"clear: both; display: block; margin: 10px 0;\">\n<div style=\"clear: both; display: block; margin: 10px 0;\">\n<h1>Du\u017ca Piaskownica XXL z Daszkiem Drewniana Impregnowana 140 6 Kolor\u00f3w Daszka<\/h1>\n<\/div>\n<\/div>\n<\/div>\n<div style=\"clear: both; display: block; margin: 10px 0;\">\n<div style=\"clear: both; display: block; margin: 10px 0;\">\n<div style=\"clear: both; display: block; margin: 10px 0;\">\n<div  style=\"max-width:2048px;max-height:178px\">\n<div style=\"clear: both; display: block; margin: 10px 0;\">\n<div style=\"clear: both; width: 100%; display: block; margin: 20px 0; padding: 0; float: none; position: static; text-align: center;\"><img decoding=\"async\"  src=\"https:\/\/a.allegroimg.com\/original\/11233a\/16686d9c4de1bf105c7310ca72be\/Duza-Piaskownica-XXL-z-Daszkiem-Drewniana-Impregnowana-140-6-Kolorow-Daszka-Certyfikaty-opinie-atesty-CE-EN-71-FSC-PEFC\" srcset=\"https:\/\/a.allegroimg.com\/original\/11233a\/16686d9c4de1bf105c7310ca72be\/Duza-Piaskownica-XXL-z-Daszkiem-Drewniana-Impregnowana-140-6-Kolorow-Daszka-Certyfikaty-opinie-atesty-CE-EN-71-FSC-PEFC 360w,https:\/\/a.allegroimg.com\/original\/11233a\/16686d9c4de1bf105c7310ca72be\/Duza-Piaskownica-XXL-z-Daszkiem-Drewniana-Impregnowana-140-6-Kolorow-Daszka-Certyfikaty-opinie-atesty-CE-EN-71-FSC-PEFC 720w,https:\/\/a.allegroimg.com\/original\/11233a\/16686d9c4de1bf105c7310ca72be\/Duza-Piaskownica-XXL-z-Daszkiem-Drewniana-Impregnowana-140-6-Kolorow-Daszka-Certyfikaty-opinie-atesty-CE-EN-71-FSC-PEFC 1024w,https:\/\/a.allegroimg.com\/original\/11233a\/16686d9c4de1bf105c7310ca72be\/Duza-Piaskownica-XXL-z-Daszkiem-Drewniana-Impregnowana-140-6-Kolorow-Daszka-Certyfikaty-opinie-atesty-CE-EN-71-FSC-PEFC 1440w,https:\/\/a.allegroimg.com\/original\/11233a\/16686d9c4de1bf105c7310ca72be\/Duza-Piaskownica-XXL-z-Daszkiem-Drewniana-Impregnowana-140-6-Kolorow-Daszka-Certyfikaty-opinie-atesty-CE-EN-71-FSC-PEFC 2048w\" sizes=\"100vw\" width=\"2048px\" alt=\"Du\u017ca Piaskownica XXL z Daszkiem Drewniana Impregnowana 140 6 Kolor\u00f3w Daszka Certyfikaty, opinie, atesty CE EN 71 FSC PEFC\" style=\"max-width: 100%; height: auto; display: block; margin: 0 auto;\"><\/div>\n<\/div>\n<\/div>\n<\/div>\n<\/div>\n<\/div>\n<div style=\"clear: both; display: block; margin: 10px 0;\">\n<div style=\"clear: both; display: block; margin: 10px 0;\">\n<div style=\"clear: both; display: block; margin: 10px 0;\">\n<h2>BEZPIECZNY Impregnat z ATESTEM spe\u0142niaj\u0105cy norm\u0119 EN71-3 &#8211; Farba do Zabawek<\/h2>\n<h2>\u2600\ufe0fPodaruj Swojemu Dziecku U\u015bmiech, Rado\u015b\u0107 i \u015awietn\u0105 Zabaw\u0119 Na \u015awie\u017cym Powietrzu, a Sobie Chwile Wytchnienia i Spokoju\u2600\ufe0f<\/h2>\n<p style=\"margin: 15px 0; line-height: 1.8; clear: both; display: block; width: 100%; float: none; position: static;\">Nasze Piaskownice to produkt klasy <b>PREMIUM,<\/b>&nbsp;dopracowana w ka\u017cdym szczeg\u00f3le tak aby zabawa w niej by\u0142a <b>BEZPIECZNA<\/b> i sta\u0142a si\u0119 prawdziw\u0105 <b>PRZYJEMNO\u015aCI\u0104<\/b>.<\/p>\n<\/div>\n<\/div>\n<\/div>\n<div style=\"clear: both; display: block; margin: 10px 0;\">\n<div style=\"clear: both; display: block; margin: 10px 0;\">\n<div style=\"clear: both; display: block; margin: 10px 0;\">\n<div  style=\"max-width:2560px;max-height:1208px\">\n<div style=\"clear: both; display: block; margin: 10px 0;\">\n<div style=\"clear: both; width: 100%; display: block; margin: 20px 0; padding: 0; float: none; position: static; text-align: center;\"><img decoding=\"async\"  src=\"https:\/\/a.allegroimg.com\/original\/11b309\/84b299084270b3028319333f4931\/Duza-Piaskownica-XXL-z-Daszkiem-Drewniana-Impregnowana-140-6-Kolorow-Daszka-Stan-opakowania-oryginalne\" srcset=\"https:\/\/a.allegroimg.com\/original\/11b309\/84b299084270b3028319333f4931\/Duza-Piaskownica-XXL-z-Daszkiem-Drewniana-Impregnowana-140-6-Kolorow-Daszka-Stan-opakowania-oryginalne 360w,https:\/\/a.allegroimg.com\/original\/11b309\/84b299084270b3028319333f4931\/Duza-Piaskownica-XXL-z-Daszkiem-Drewniana-Impregnowana-140-6-Kolorow-Daszka-Stan-opakowania-oryginalne 720w,https:\/\/a.allegroimg.com\/original\/11b309\/84b299084270b3028319333f4931\/Duza-Piaskownica-XXL-z-Daszkiem-Drewniana-Impregnowana-140-6-Kolorow-Daszka-Stan-opakowania-oryginalne 1024w,https:\/\/a.allegroimg.com\/original\/11b309\/84b299084270b3028319333f4931\/Duza-Piaskownica-XXL-z-Daszkiem-Drewniana-Impregnowana-140-6-Kolorow-Daszka-Stan-opakowania-oryginalne 1440w,https:\/\/a.allegroimg.com\/original\/11b309\/84b299084270b3028319333f4931\/Duza-Piaskownica-XXL-z-Daszkiem-Drewniana-Impregnowana-140-6-Kolorow-Daszka-Stan-opakowania-oryginalne 2560w\" sizes=\"100vw\" width=\"2560px\" alt=\"Du\u017ca Piaskownica XXL z Daszkiem Drewniana Impregnowana 140 6 Kolor\u00f3w Daszka Stan opakowania oryginalne\" style=\"max-width: 100%; height: auto; display: block; margin: 0 auto;\"><\/div>\n<\/div>\n<\/div>\n<\/div>\n<\/div>\n<\/div>\n<div style=\"clear: both; display: block; margin: 10px 0;\">\n<div style=\"clear: both; display: block; margin: 10px 0;\">\n<div style=\"clear: both; display: block; margin: 10px 0;\">\n<div  style=\"max-width:2048px;max-height:178px\">\n<div style=\"clear: both; display: block; margin: 10px 0;\">\n<div style=\"clear: both; width: 100%; display: block; margin: 20px 0; padding: 0; float: none; position: static; text-align: center;\"><img decoding=\"async\"  src=\"https:\/\/a.allegroimg.com\/original\/11233a\/16686d9c4de1bf105c7310ca72be\/Duza-Piaskownica-XXL-z-Daszkiem-Drewniana-Impregnowana-140-6-Kolorow-Daszka-Certyfikaty-opinie-atesty-CE-EN-71-FSC-PEFC\" srcset=\"https:\/\/a.allegroimg.com\/original\/11233a\/16686d9c4de1bf105c7310ca72be\/Duza-Piaskownica-XXL-z-Daszkiem-Drewniana-Impregnowana-140-6-Kolorow-Daszka-Certyfikaty-opinie-atesty-CE-EN-71-FSC-PEFC 360w,https:\/\/a.allegroimg.com\/original\/11233a\/16686d9c4de1bf105c7310ca72be\/Duza-Piaskownica-XXL-z-Daszkiem-Drewniana-Impregnowana-140-6-Kolorow-Daszka-Certyfikaty-opinie-atesty-CE-EN-71-FSC-PEFC 720w,https:\/\/a.allegroimg.com\/original\/11233a\/16686d9c4de1bf105c7310ca72be\/Duza-Piaskownica-XXL-z-Daszkiem-Drewniana-Impregnowana-140-6-Kolorow-Daszka-Certyfikaty-opinie-atesty-CE-EN-71-FSC-PEFC 1024w,https:\/\/a.allegroimg.com\/original\/11233a\/16686d9c4de1bf105c7310ca72be\/Duza-Piaskownica-XXL-z-Daszkiem-Drewniana-Impregnowana-140-6-Kolorow-Daszka-Certyfikaty-opinie-atesty-CE-EN-71-FSC-PEFC 1440w,https:\/\/a.allegroimg.com\/original\/11233a\/16686d9c4de1bf105c7310ca72be\/Duza-Piaskownica-XXL-z-Daszkiem-Drewniana-Impregnowana-140-6-Kolorow-Daszka-Certyfikaty-opinie-atesty-CE-EN-71-FSC-PEFC 2048w\" sizes=\"100vw\" width=\"2048px\" alt=\"Du\u017ca Piaskownica XXL z Daszkiem Drewniana Impregnowana 140 6 Kolor\u00f3w Daszka Certyfikaty, opinie, atesty CE EN 71 FSC PEFC\" style=\"max-width: 100%; height: auto; display: block; margin: 0 auto;\"><\/div>\n<\/div>\n<\/div>\n<\/div>\n<\/div>\n<\/div>\n<div style=\"clear: both; display: block; margin: 10px 0;\">\n<div style=\"clear: both; display: block; margin: 10px 0;\">\n<div style=\"clear: both; display: block; margin: 10px 0;\">\n<p style=\"margin: 15px 0; line-height: 1.8; clear: both; display: block; width: 100%; float: none; position: static;\"><b>\u2705 Zaimpregnowana Atestowanym Ekologicznym Impregnatem <\/b><b>spe\u0142niaj\u0105cy norm\u0119 EN71-3 &#8211; farba do zabawek.<\/b><\/p>\n<h3 style=\"color: #2c5aa0; font-size: 18px; margin: 30px 0 15px 0; font-weight: bold; clear: both; display: block; width: 100%; float: none; position: static;\">\u2705 Idealna dla 3 dzieci<\/h3>\n<h3 style=\"color: #2c5aa0; font-size: 18px; margin: 30px 0 15px 0; font-weight: bold; clear: both; display: block; width: 100%; float: none; position: static;\">\u2705 Przeciws\u0142oneczny daszek<\/h3>\n<h3 style=\"color: #2c5aa0; font-size: 18px; margin: 30px 0 15px 0; font-weight: bold; clear: both; display: block; width: 100%; float: none; position: static;\">\u2705 Stanowi nieodzowny element ogrodu<\/h3>\n<h3 style=\"color: #2c5aa0; font-size: 18px; margin: 30px 0 15px 0; font-weight: bold; clear: both; display: block; width: 100%; float: none; position: static;\">\u2705 Wykonana jest z wysokiej jako\u015bci suchego CERTYFIKOWANEGO drewna sosnowego.<\/h3>\n<p style=\"margin: 15px 0; line-height: 1.8; clear: both; display: block; width: 100%; float: none; position: static;\"><b>\u2705 Posiada dwie sk\u0142adane \u0142aweczki z wygodnymi oparciami,<\/b> kt\u00f3re w trybie z\u0142o\u017conym chroni\u0105 piasek przed dostaniem si\u0119 do \u015brodka np. \u015bmieci, li\u015bci, zwierz\u0105t, czy innych niepo\u017c\u0105danych zanieczyszcze\u0144.<\/p>\n<\/div>\n<\/div>\n<\/div>\n<div style=\"clear: both; display: block; margin: 10px 0;\">\n<div style=\"clear: both; display: block; margin: 10px 0;\">\n<div style=\"clear: both; display: block; margin: 10px 0;\">\n<div  style=\"max-width:2560px;max-height:1708px\">\n<div style=\"clear: both; display: block; margin: 10px 0;\">\n<div style=\"clear: both; width: 100%; display: block; margin: 20px 0; padding: 0; float: none; position: static; text-align: center;\"><img decoding=\"async\"  src=\"https:\/\/a.allegroimg.com\/original\/115fb7\/00f1c1fc47ceaaf9361f38d80be3\/Duza-Piaskownica-XXL-z-Daszkiem-Drewniana-Impregnowana-140-6-Kolorow-Daszka-Marka-SunWood\" srcset=\"https:\/\/a.allegroimg.com\/original\/115fb7\/00f1c1fc47ceaaf9361f38d80be3\/Duza-Piaskownica-XXL-z-Daszkiem-Drewniana-Impregnowana-140-6-Kolorow-Daszka-Marka-SunWood 360w,https:\/\/a.allegroimg.com\/original\/115fb7\/00f1c1fc47ceaaf9361f38d80be3\/Duza-Piaskownica-XXL-z-Daszkiem-Drewniana-Impregnowana-140-6-Kolorow-Daszka-Marka-SunWood 720w,https:\/\/a.allegroimg.com\/original\/115fb7\/00f1c1fc47ceaaf9361f38d80be3\/Duza-Piaskownica-XXL-z-Daszkiem-Drewniana-Impregnowana-140-6-Kolorow-Daszka-Marka-SunWood 1024w,https:\/\/a.allegroimg.com\/original\/115fb7\/00f1c1fc47ceaaf9361f38d80be3\/Duza-Piaskownica-XXL-z-Daszkiem-Drewniana-Impregnowana-140-6-Kolorow-Daszka-Marka-SunWood 1440w,https:\/\/a.allegroimg.com\/original\/115fb7\/00f1c1fc47ceaaf9361f38d80be3\/Duza-Piaskownica-XXL-z-Daszkiem-Drewniana-Impregnowana-140-6-Kolorow-Daszka-Marka-SunWood 2560w\" sizes=\"100vw\" width=\"2560px\" alt=\"Du\u017ca Piaskownica XXL z Daszkiem Drewniana Impregnowana 140 6 Kolor\u00f3w Daszka Marka SunWood\" style=\"max-width: 100%; height: auto; display: block; margin: 0 auto;\"><\/div>\n<\/div>\n<\/div>\n<\/div>\n<\/div>\n<\/div>\n<div style=\"clear: both; display: block; margin: 10px 0;\">\n<div style=\"clear: both; display: block; margin: 10px 0;\">\n<div style=\"clear: both; display: block; margin: 10px 0;\">\n<div  style=\"max-width:2048px;max-height:178px\">\n<div style=\"clear: both; display: block; margin: 10px 0;\">\n<div style=\"clear: both; width: 100%; display: block; margin: 20px 0; padding: 0; float: none; position: static; text-align: center;\"><img decoding=\"async\"  src=\"https:\/\/a.allegroimg.com\/original\/11233a\/16686d9c4de1bf105c7310ca72be\/Duza-Piaskownica-XXL-z-Daszkiem-Drewniana-Impregnowana-140-6-Kolorow-Daszka-Certyfikaty-opinie-atesty-CE-EN-71-FSC-PEFC\" srcset=\"https:\/\/a.allegroimg.com\/original\/11233a\/16686d9c4de1bf105c7310ca72be\/Duza-Piaskownica-XXL-z-Daszkiem-Drewniana-Impregnowana-140-6-Kolorow-Daszka-Certyfikaty-opinie-atesty-CE-EN-71-FSC-PEFC 360w,https:\/\/a.allegroimg.com\/original\/11233a\/16686d9c4de1bf105c7310ca72be\/Duza-Piaskownica-XXL-z-Daszkiem-Drewniana-Impregnowana-140-6-Kolorow-Daszka-Certyfikaty-opinie-atesty-CE-EN-71-FSC-PEFC 720w,https:\/\/a.allegroimg.com\/original\/11233a\/16686d9c4de1bf105c7310ca72be\/Duza-Piaskownica-XXL-z-Daszkiem-Drewniana-Impregnowana-140-6-Kolorow-Daszka-Certyfikaty-opinie-atesty-CE-EN-71-FSC-PEFC 1024w,https:\/\/a.allegroimg.com\/original\/11233a\/16686d9c4de1bf105c7310ca72be\/Duza-Piaskownica-XXL-z-Daszkiem-Drewniana-Impregnowana-140-6-Kolorow-Daszka-Certyfikaty-opinie-atesty-CE-EN-71-FSC-PEFC 1440w,https:\/\/a.allegroimg.com\/original\/11233a\/16686d9c4de1bf105c7310ca72be\/Duza-Piaskownica-XXL-z-Daszkiem-Drewniana-Impregnowana-140-6-Kolorow-Daszka-Certyfikaty-opinie-atesty-CE-EN-71-FSC-PEFC 2048w\" sizes=\"100vw\" width=\"2048px\" alt=\"Du\u017ca Piaskownica XXL z Daszkiem Drewniana Impregnowana 140 6 Kolor\u00f3w Daszka Certyfikaty, opinie, atesty CE EN 71 FSC PEFC\" style=\"max-width: 100%; height: auto; display: block; margin: 0 auto;\"><\/div>\n<\/div>\n<\/div>\n<\/div>\n<\/div>\n<\/div>\n<div style=\"clear: both; display: block; margin: 10px 0;\">\n<div style=\"clear: both; display: block; margin: 10px 0;\">\n<div style=\"clear: both; display: block; margin: 10px 0;\">\n<h1>\u2b50\ufe0fDlaczego warto kupi\u0107 u nas?<\/h1>\n<\/div>\n<\/div>\n<\/div>\n<div style=\"clear: both; display: block; margin: 10px 0;\">\n<div style=\"clear: both; display: block; margin: 10px 0;\">\n<div style=\"clear: both; display: block; margin: 10px 0;\">\n<div  style=\"max-width:2560px;max-height:2560px\">\n<div style=\"clear: both; display: block; margin: 10px 0;\">\n<div style=\"clear: both; width: 100%; display: block; margin: 20px 0; padding: 0; float: none; position: static; text-align: center;\"><img decoding=\"async\"  src=\"https:\/\/a.allegroimg.com\/original\/11c8e5\/feee87af4f7080bc3101d29a0ca2\/Duza-Piaskownica-XXL-z-Daszkiem-Drewniana-Impregnowana-140-6-Kolorow-Daszka-Szerokosc-produktu-140-cm\" srcset=\"https:\/\/a.allegroimg.com\/original\/11c8e5\/feee87af4f7080bc3101d29a0ca2\/Duza-Piaskownica-XXL-z-Daszkiem-Drewniana-Impregnowana-140-6-Kolorow-Daszka-Szerokosc-produktu-140-cm 360w,https:\/\/a.allegroimg.com\/original\/11c8e5\/feee87af4f7080bc3101d29a0ca2\/Duza-Piaskownica-XXL-z-Daszkiem-Drewniana-Impregnowana-140-6-Kolorow-Daszka-Szerokosc-produktu-140-cm 720w,https:\/\/a.allegroimg.com\/original\/11c8e5\/feee87af4f7080bc3101d29a0ca2\/Duza-Piaskownica-XXL-z-Daszkiem-Drewniana-Impregnowana-140-6-Kolorow-Daszka-Szerokosc-produktu-140-cm 1024w,https:\/\/a.allegroimg.com\/original\/11c8e5\/feee87af4f7080bc3101d29a0ca2\/Duza-Piaskownica-XXL-z-Daszkiem-Drewniana-Impregnowana-140-6-Kolorow-Daszka-Szerokosc-produktu-140-cm 1440w,https:\/\/a.allegroimg.com\/original\/11c8e5\/feee87af4f7080bc3101d29a0ca2\/Duza-Piaskownica-XXL-z-Daszkiem-Drewniana-Impregnowana-140-6-Kolorow-Daszka-Szerokosc-produktu-140-cm 2560w\" sizes=\"(min-width: 1200px) 560px, (min-width: 992px) 50vw, 100vw\" width=\"2560px\" alt=\"Du\u017ca Piaskownica XXL z Daszkiem Drewniana Impregnowana 140 6 Kolor\u00f3w Daszka Szeroko\u015b\u0107 produktu 140 cm\" style=\"max-width: 100%; height: auto; display: block; margin: 0 auto;\"><\/div>\n<\/div>\n<\/div>\n<\/div>\n<\/div>\n<div style=\"clear: both; display: block; margin: 10px 0;\">\n<div style=\"clear: both; display: block; margin: 10px 0;\">\n<h3 style=\"color: #2c5aa0; font-size: 18px; margin: 30px 0 15px 0; font-weight: bold; clear: both; display: block; width: 100%; float: none; position: static;\">\u2705 \u0141atwy i Szybki Monta\u017c:<\/h3>\n<ul style=\"margin: 15px 0; padding-left: 20px; clear: both; display: block; width: 100%; float: none; position: static;\">\n<li style=\"margin: 5px 0; padding: 2px 0; clear: both; display: list-item; float: none; position: static;\">Prosty monta\u017c, <b>z nawierconymi otworami<\/b>, umo\u017cliwia szybkie korzystanie z produktu. Inwestycja, kt\u00f3ra przynosi liczne korzy\u015bci zar\u00f3wno dla dzieci, jak i rodzic\u00f3w.<\/li>\n<\/ul>\n<h3 style=\"color: #2c5aa0; font-size: 18px; margin: 30px 0 15px 0; font-weight: bold; clear: both; display: block; width: 100%; float: none; position: static;\">\u2705 Wysoka jako\u015b\u0107:<\/h3>\n<ul style=\"margin: 15px 0; padding-left: 20px; clear: both; display: block; width: 100%; float: none; position: static;\">\n<li style=\"margin: 5px 0; padding: 2px 0; clear: both; display: list-item; float: none; position: static;\"><b>Selekcjonowane deski<\/b> zapewniaj\u0105 trwa\u0142o\u015b\u0107. Masz pewno\u015b\u0107 \u017ce ka\u017cda z naszych desek jest dok\u0142adnie obejrzana przed zapakowaniem.<\/li>\n<\/ul>\n<h3 style=\"color: #2c5aa0; font-size: 18px; margin: 30px 0 15px 0; font-weight: bold; clear: both; display: block; width: 100%; float: none; position: static;\">\u2705 <\/p>\n","protected":false},"excerpt":{"rendered":"<p>Du\u017ca Piaskownica XXL z Daszkiem Drewniana Impregnowana 140 6 Kolor\u00f3w Daszka<\/p>\n<p>BEZPIECZNY Impregnat z ATESTEM spe\u0142niaj\u0105cy norm\u0119 EN71-3 &#8211; Farba do Zabawek<\/p>\n<p>\u2600\ufe0fPodaruj Swojemu Dziecku U\u015bmiech, Rado\u015b\u0107 i \u015awietn\u0105 Zabaw\u0119 Na \u015awie\u017cym Powietrzu, a Sobie Chwile Wytchnienia i Spokoju\u2600\ufe0f<\/p>\n<p>Nasze Piaskownice to produkt klasy PREMIUM,&nbsp;dopracowana w ka\u017cdym szczeg\u00f3le tak aby zabawa w niej by\u0142a BEZPIECZNA i sta\u0142a si\u0119 prawdziw\u0105 PRZYJEMNO\u015aCI\u0104.<\/p>\n<p>\u2705 Zaimpregnowana Atestowanym Ekologicznym Impregnatem spe\u0142niaj\u0105cy norm\u0119 EN71-3 &#8211; farba do zabawek.<\/p>\n<p>\u2705 Idealna dla 3 dzieci<\/p>\n","protected":false},"featured_media":15740,"template":"","meta":{"_uag_custom_page_level_css":""},"product_brand":[908],"product_cat":[541,909,894,862],"product_tag":[],"class_list":{"0":"post-15739","1":"product","2":"type-product","3":"status-publish","4":"has-post-thumbnail","6":"product_brand-sunwood","7":"product_cat-ogrod","8":"product_cat-piaskownice","9":"product_cat-piaskownice-i-zabawki-do-piasku","10":"product_cat-zabawki-ogrodowe","12":"first","13":"instock","14":"sale","15":"shipping-taxable","16":"purchasable","17":"product-type-simple"},"uagb_featured_image_src":{"full":["https:\/\/tivrano.shop\/grill\/wp-content\/uploads\/2026\/04\/allegro-image-15739.jpg",2560,2560,false],"thumbnail":["https:\/\/tivrano.shop\/grill\/wp-content\/uploads\/2026\/04\/allegro-image-15739-150x150.jpg",150,150,true],"medium":["https:\/\/tivrano.shop\/grill\/wp-content\/uploads\/2026\/04\/allegro-image-15739-300x300.jpg",300,300,true],"medium_large":["https:\/\/tivrano.shop\/grill\/wp-content\/uploads\/2026\/04\/allegro-image-15739-768x768.jpg",768,768,true],"large":["https:\/\/tivrano.shop\/grill\/wp-content\/uploads\/2026\/04\/allegro-image-15739-1024x1024.jpg",1024,1024,true],"1536x1536":["https:\/\/tivrano.shop\/grill\/wp-content\/uploads\/2026\/04\/allegro-image-15739-1536x1536.jpg",1536,1536,true],"2048x2048":["https:\/\/tivrano.shop\/grill\/wp-content\/uploads\/2026\/04\/allegro-image-15739-2048x2048.jpg",2048,2048,true],"woocommerce_thumbnail":["https:\/\/tivrano.shop\/grill\/wp-content\/uploads\/2026\/04\/allegro-image-15739-300x300.jpg",300,300,true],"woocommerce_single":["https:\/\/tivrano.shop\/grill\/wp-content\/uploads\/2026\/04\/allegro-image-15739-600x600.jpg",600,600,true],"woocommerce_gallery_thumbnail":["https:\/\/tivrano.shop\/grill\/wp-content\/uploads\/2026\/04\/allegro-image-15739-100x100.jpg",100,100,true]},"uagb_author_info":{"display_name":"admin","author_link":"https:\/\/tivrano.shop\/grill\/author\/"},"uagb_comment_info":0,"uagb_excerpt":"Du\u017ca Piaskownica XXL z Daszkiem Drewniana Impregnowana 140 6 Kolor\u00f3w Daszka BEZPIECZNY Impregnat z ATESTEM spe\u0142niaj\u0105cy norm\u0119 EN71-3 - Farba do Zabawek \u2600\ufe0fPodaruj Swojemu Dziecku U\u015bmiech, Rado\u015b\u0107 i \u015awietn\u0105 Zabaw\u0119 Na \u015awie\u017cym Powietrzu, a Sobie Chwile Wytchnienia i Spokoju\u2600\ufe0f Nasze Piaskownice to produkt klasy PREMIUM,&nbsp;dopracowana w ka\u017cdym szczeg\u00f3le tak aby zabawa w niej by\u0142a BEZPIECZNA&hellip;","_links":{"self":[{"href":"https:\/\/tivrano.shop\/grill\/wp-json\/wp\/v2\/product\/15739","targetHints":{"allow":["GET"]}}],"collection":[{"href":"https:\/\/tivrano.shop\/grill\/wp-json\/wp\/v2\/product"}],"about":[{"href":"https:\/\/tivrano.shop\/grill\/wp-json\/wp\/v2\/types\/product"}],"wp:featuredmedia":[{"embeddable":true,"href":"https:\/\/tivrano.shop\/grill\/wp-json\/wp\/v2\/media\/15740"}],"wp:attachment":[{"href":"https:\/\/tivrano.shop\/grill\/wp-json\/wp\/v2\/media?parent=15739"}],"wp:term":[{"taxonomy":"product_brand","embeddable":true,"href":"https:\/\/tivrano.shop\/grill\/wp-json\/wp\/v2\/product_brand?post=15739"},{"taxonomy":"product_cat","embeddable":true,"href":"https:\/\/tivrano.shop\/grill\/wp-json\/wp\/v2\/product_cat?post=15739"},{"taxonomy":"product_tag","embeddable":true,"href":"https:\/\/tivrano.shop\/grill\/wp-json\/wp\/v2\/product_tag?post=15739"}],"curies":[{"name":"wp","href":"https:\/\/api.w.org\/{rel}","templated":true}]}}