{"id":15699,"date":"2026-04-06T05:50:03","date_gmt":"2026-04-06T04:50:03","guid":{"rendered":"https:\/\/grillcentrum.shop\/gree\/produkt\/biovita-piasek-czysty-do-piaskownicy-piaskownic-z-atestem-pzh-1200kg-paleta\/"},"modified":"2026-04-11T02:22:20","modified_gmt":"2026-04-11T01:22:20","slug":"biovita-piasek-czysty-do-piaskownicy-piaskownic-z-atestem-pzh-1200kg-paleta","status":"publish","type":"product","link":"https:\/\/tivrano.shop\/grill\/produkt\/biovita-piasek-czysty-do-piaskownicy-piaskownic-z-atestem-pzh-1200kg-paleta\/","title":{"rendered":"BIOVITA Piasek Czysty Do Piaskownicy Piaskownic z Atestem PZH 1200kg Paleta"},"content":{"rendered":"<div style=\"font-family: Arial, sans-serif; line-height: 1.6; color: #333; padding: 20px; clear: both; display: block; width: 100%; float: none; position: static; overflow: hidden;\">\n<div style=\"clear: both; display: block; margin: 10px 0;\">\n<div style=\"clear: both; display: block; margin: 10px 0;\">\n<div style=\"clear: both; display: block; margin: 10px 0;\">\n<h1>Piasek uniwersalny do posypywania dr\u00f3g zim\u0105&nbsp;Biovita 20kg (BV-PUN)<\/h1>\n<h3 style=\"color: #2c5aa0; font-size: 18px; margin: 30px 0 15px 0; font-weight: bold; clear: both; display: block; width: 100%; float: none; position: static;\">Po\u017cegnaj si\u0119 ze \u015blisk\u0105 nawierzchni\u0105!<\/h3>\n<p style=\"margin: 15px 0; line-height: 1.8; clear: both; display: block; width: 100%; float: none; position: static;\">Piaskiem mo\u017cna posypa\u0107:<\/p>\n<ul style=\"margin: 15px 0; padding-left: 20px; clear: both; display: block; width: 100%; float: none; position: static;\">\n<li style=\"margin: 5px 0; padding: 2px 0; clear: both; display: list-item; float: none; position: static;\">drog\u0119,<\/li>\n<li style=\"margin: 5px 0; padding: 2px 0; clear: both; display: list-item; float: none; position: static;\">ulic\u0119,<\/li>\n<li style=\"margin: 5px 0; padding: 2px 0; clear: both; display: list-item; float: none; position: static;\">\u015bcie\u017ck\u0119 ko\u0142o domu,<\/li>\n<li style=\"margin: 5px 0; padding: 2px 0; clear: both; display: list-item; float: none; position: static;\">parking<\/li>\n<li style=\"margin: 5px 0; padding: 2px 0; clear: both; display: list-item; float: none; position: static;\">kostk\u0119 brukow\u0105<\/li>\n<li style=\"margin: 5px 0; padding: 2px 0; clear: both; display: list-item; float: none; position: static;\">inne nawierzchnie<\/li>\n<\/ul>\n<h2>W przeciwie\u0144stwie do soli drogowej piasek:<\/h2>\n<ul style=\"margin: 15px 0; padding-left: 20px; clear: both; display: block; width: 100%; float: none; position: static;\">\n<li style=\"margin: 5px 0; padding: 2px 0; clear: both; display: list-item; float: none; position: static;\">nie szkodzi trawie,<\/li>\n<li style=\"margin: 5px 0; padding: 2px 0; clear: both; display: list-item; float: none; position: static;\">korzeniom ro\u015blin,<\/li>\n<li style=\"margin: 5px 0; padding: 2px 0; clear: both; display: list-item; float: none; position: static;\">nie jest niebezpieczny dla psich oraz kocich \u0142ap,<\/li>\n<li style=\"margin: 5px 0; padding: 2px 0; clear: both; display: list-item; float: none; position: static;\">nie niszczy but\u00f3w<\/li>\n<li style=\"margin: 5px 0; padding: 2px 0; clear: both; display: list-item; float: none; position: static;\">nie niszczy&nbsp;karoserii.<\/li>\n<\/ul>\n<p style=\"margin: 15px 0; line-height: 1.8; clear: both; display: block; width: 100%; float: none; position: static;\">Po posypaniu piaskiem&nbsp;powierzchnia staje si\u0119 szorstka co&nbsp;poprawia zatem jej przyczepno\u015b\u0107.<\/p>\n<\/div>\n<\/div>\n<div style=\"clear: both; display: block; margin: 10px 0;\">\n<div style=\"clear: both; display: block; margin: 10px 0;\">\n<div  style=\"max-width:550px;max-height:865px\">\n<div style=\"clear: both; display: block; margin: 10px 0;\">\n<div style=\"clear: both; width: 100%; display: block; margin: 20px 0; padding: 0; float: none; position: static; text-align: center;\"><img decoding=\"async\"  src=\"https:\/\/a.allegroimg.com\/original\/01ac8b\/de98c4b243c8b3a44d10822d26a3\/BIOVITA-Piasek-Czysty-Do-Piaskownicy-Piaskownic-z-Atestem-PZH-1200kg-Paleta-Marka-Biovita\" srcset=\"https:\/\/a.allegroimg.com\/original\/01ac8b\/de98c4b243c8b3a44d10822d26a3\/BIOVITA-Piasek-Czysty-Do-Piaskownicy-Piaskownic-z-Atestem-PZH-1200kg-Paleta-Marka-Biovita 228w,https:\/\/a.allegroimg.com\/original\/01ac8b\/de98c4b243c8b3a44d10822d26a3\/BIOVITA-Piasek-Czysty-Do-Piaskownicy-Piaskownic-z-Atestem-PZH-1200kg-Paleta-Marka-Biovita 457w,https:\/\/a.allegroimg.com\/original\/01ac8b\/de98c4b243c8b3a44d10822d26a3\/BIOVITA-Piasek-Czysty-Do-Piaskownicy-Piaskownic-z-Atestem-PZH-1200kg-Paleta-Marka-Biovita 550w,https:\/\/a.allegroimg.com\/original\/01ac8b\/de98c4b243c8b3a44d10822d26a3\/BIOVITA-Piasek-Czysty-Do-Piaskownicy-Piaskownic-z-Atestem-PZH-1200kg-Paleta-Marka-Biovita 550w\" sizes=\"(min-width: 1200px) 560px, (min-width: 992px) 50vw, 100vw\" width=\"550px\" alt=\"BIOVITA Piasek Czysty Do Piaskownicy Piaskownic z Atestem PZH 1200kg Paleta Marka Biovita\" style=\"max-width: 100%; height: auto; display: block; margin: 0 auto;\"><\/div>\n<\/div>\n<\/div>\n<\/div>\n<\/div>\n<\/div>\n<div style=\"clear: both; display: block; margin: 10px 0;\">\n<div style=\"clear: both; display: block; margin: 10px 0;\">\n<div style=\"clear: both; display: block; margin: 10px 0;\">\n<p style=\"margin: 15px 0; line-height: 1.8; clear: both; display: block; width: 100%; float: none; position: static;\">Uniwersalny piasek&nbsp;z <b>atestem Pa\u0144stwowego Zak\u0142adu Higieny<\/b>. Produkt wysokiej jako\u015bci, starannie wyselekcjonowany, w trosce o dobro i zdrowie dzieci. Atest zapewnia bezpiecznie wykorzystanie w piaskownicach oraz placach zabaw czy innych miejscach rekreacyjnych. Piasek z sukcesem mo\u017ce znale\u017a\u0107 szerokie zastosowanie r\u00f3wnie\u017c na budowie, w ogrodzie oraz jako \u015brodek antypo\u015blizgowy. PZH zaleca wymienia\u0107 piasek na wiosn\u0119 oraz co najmniej dwukrotnie w sezonie. Piasek pakowany w worku 20kg.<\/p>\n<\/div>\n<\/div>\n<\/div>\n<\/div>\n<\/div>\n<\/div>\n<div style=\"clear: both; display: block; margin: 10px 0;\">\n","protected":false},"excerpt":{"rendered":"<p>Piasek uniwersalny do posypywania dr\u00f3g zim\u0105&nbsp;Biovita 20kg (BV-PUN)<\/p>\n<p>Po\u017cegnaj si\u0119 ze \u015blisk\u0105 nawierzchni\u0105!<\/p>\n<p>Piaskiem mo\u017cna posypa\u0107:<\/p>\n<p>drog\u0119,<\/p>\n<p>ulic\u0119,<\/p>\n<p>\u015bcie\u017ck\u0119 ko\u0142o domu,<\/p>\n<p>parking<\/p>\n<p>kostk\u0119 brukow\u0105<\/p>\n","protected":false},"featured_media":15700,"template":"","meta":{"_uag_custom_page_level_css":""},"product_brand":[893],"product_cat":[541,895,894,862],"product_tag":[],"class_list":{"0":"post-15699","1":"product","2":"type-product","3":"status-publish","4":"has-post-thumbnail","6":"product_brand-biovita","7":"product_cat-ogrod","8":"product_cat-piasek-do-piaskownic","9":"product_cat-piaskownice-i-zabawki-do-piasku","10":"product_cat-zabawki-ogrodowe","12":"first","13":"instock","14":"sale","15":"shipping-taxable","16":"purchasable","17":"product-type-simple"},"uagb_featured_image_src":{"full":["https:\/\/tivrano.shop\/grill\/wp-content\/uploads\/2026\/04\/allegro-image-15699.jpg",768,900,false],"thumbnail":["https:\/\/tivrano.shop\/grill\/wp-content\/uploads\/2026\/04\/allegro-image-15699-150x150.jpg",150,150,true],"medium":["https:\/\/tivrano.shop\/grill\/wp-content\/uploads\/2026\/04\/allegro-image-15699-256x300.jpg",256,300,true],"medium_large":["https:\/\/tivrano.shop\/grill\/wp-content\/uploads\/2026\/04\/allegro-image-15699.jpg",768,900,false],"large":["https:\/\/tivrano.shop\/grill\/wp-content\/uploads\/2026\/04\/allegro-image-15699.jpg",768,900,false],"1536x1536":["https:\/\/tivrano.shop\/grill\/wp-content\/uploads\/2026\/04\/allegro-image-15699.jpg",768,900,false],"2048x2048":["https:\/\/tivrano.shop\/grill\/wp-content\/uploads\/2026\/04\/allegro-image-15699.jpg",768,900,false],"woocommerce_thumbnail":["https:\/\/tivrano.shop\/grill\/wp-content\/uploads\/2026\/04\/allegro-image-15699-300x300.jpg",300,300,true],"woocommerce_single":["https:\/\/tivrano.shop\/grill\/wp-content\/uploads\/2026\/04\/allegro-image-15699-600x703.jpg",600,703,true],"woocommerce_gallery_thumbnail":["https:\/\/tivrano.shop\/grill\/wp-content\/uploads\/2026\/04\/allegro-image-15699-100x100.jpg",100,100,true]},"uagb_author_info":{"display_name":"admin","author_link":"https:\/\/tivrano.shop\/grill\/author\/"},"uagb_comment_info":0,"uagb_excerpt":"Piasek uniwersalny do posypywania dr\u00f3g zim\u0105&nbsp;Biovita 20kg (BV-PUN) Po\u017cegnaj si\u0119 ze \u015blisk\u0105 nawierzchni\u0105! Piaskiem mo\u017cna posypa\u0107: drog\u0119, ulic\u0119, \u015bcie\u017ck\u0119 ko\u0142o domu, parking kostk\u0119 brukow\u0105","_links":{"self":[{"href":"https:\/\/tivrano.shop\/grill\/wp-json\/wp\/v2\/product\/15699","targetHints":{"allow":["GET"]}}],"collection":[{"href":"https:\/\/tivrano.shop\/grill\/wp-json\/wp\/v2\/product"}],"about":[{"href":"https:\/\/tivrano.shop\/grill\/wp-json\/wp\/v2\/types\/product"}],"wp:featuredmedia":[{"embeddable":true,"href":"https:\/\/tivrano.shop\/grill\/wp-json\/wp\/v2\/media\/15700"}],"wp:attachment":[{"href":"https:\/\/tivrano.shop\/grill\/wp-json\/wp\/v2\/media?parent=15699"}],"wp:term":[{"taxonomy":"product_brand","embeddable":true,"href":"https:\/\/tivrano.shop\/grill\/wp-json\/wp\/v2\/product_brand?post=15699"},{"taxonomy":"product_cat","embeddable":true,"href":"https:\/\/tivrano.shop\/grill\/wp-json\/wp\/v2\/product_cat?post=15699"},{"taxonomy":"product_tag","embeddable":true,"href":"https:\/\/tivrano.shop\/grill\/wp-json\/wp\/v2\/product_tag?post=15699"}],"curies":[{"name":"wp","href":"https:\/\/api.w.org\/{rel}","templated":true}]}}