{"id":15303,"date":"2026-03-27T09:29:15","date_gmt":"2026-03-27T08:29:15","guid":{"rendered":"https:\/\/grill-master.shop\/gree\/produkt\/grill-zuraw-wysiegnik-ramie-ruszt-70-nierdzewny-nad-ognisko-ogrodowy\/"},"modified":"2026-03-27T09:29:15","modified_gmt":"2026-03-27T08:29:15","slug":"grill-zuraw-wysiegnik-ramie-ruszt-70-nierdzewny-nad-ognisko-ogrodowy","status":"publish","type":"product","link":"https:\/\/tivrano.shop\/grill\/produkt\/grill-zuraw-wysiegnik-ramie-ruszt-70-nierdzewny-nad-ognisko-ogrodowy\/","title":{"rendered":"Grill \u017curaw wysi\u0119gnik rami\u0119 ruszt 70 nierdzewny nad ognisko ogrodowy"},"content":{"rendered":"<div style=\"font-family: Arial, sans-serif; line-height: 1.6; color: #333; padding: 20px; clear: both; display: block; width: 100%; float: none; position: static; overflow: hidden;\">\n<div style=\"clear: both; display: block; margin: 10px 0;\">\n<div style=\"clear: both; display: block; margin: 10px 0;\">\n<div style=\"clear: both; display: block; margin: 10px 0;\">\n<h1>Wysi\u0119gnik ogrodowy \u017bURAW 180 cm &#8211; ruszt 70 nierdzewny<\/h1>\n<\/div>\n<\/div>\n<\/div>\n<div style=\"clear: both; display: block; margin: 10px 0;\">\n<div style=\"clear: both; display: block; margin: 10px 0;\">\n<div style=\"clear: both; display: block; margin: 10px 0;\">\n<div  style=\"max-width:1460px;max-height:1595px\">\n<div style=\"clear: both; display: block; margin: 10px 0;\">\n<div style=\"clear: both; width: 100%; display: block; margin: 20px 0; padding: 0; float: none; position: static; text-align: center;\"><img decoding=\"async\"  src=\"https:\/\/a.allegroimg.com\/original\/1134bd\/233de1bc49d796459d6e06360545\/Grill-zuraw-wysiegnik-ramie-ruszt-70-nierdzewny-nad-ognisko-ogrodowy\" srcset=\"https:\/\/a.allegroimg.com\/original\/1134bd\/233de1bc49d796459d6e06360545\/Grill-zuraw-wysiegnik-ramie-ruszt-70-nierdzewny-nad-ognisko-ogrodowy 329w,https:\/\/a.allegroimg.com\/original\/1134bd\/233de1bc49d796459d6e06360545\/Grill-zuraw-wysiegnik-ramie-ruszt-70-nierdzewny-nad-ognisko-ogrodowy 659w,https:\/\/a.allegroimg.com\/original\/1134bd\/233de1bc49d796459d6e06360545\/Grill-zuraw-wysiegnik-ramie-ruszt-70-nierdzewny-nad-ognisko-ogrodowy 937w,https:\/\/a.allegroimg.com\/original\/1134bd\/233de1bc49d796459d6e06360545\/Grill-zuraw-wysiegnik-ramie-ruszt-70-nierdzewny-nad-ognisko-ogrodowy 1318w,https:\/\/a.allegroimg.com\/original\/1134bd\/233de1bc49d796459d6e06360545\/Grill-zuraw-wysiegnik-ramie-ruszt-70-nierdzewny-nad-ognisko-ogrodowy 1460w\" sizes=\"(min-width: 1200px) 560px, (min-width: 992px) 50vw, 100vw\" width=\"1460px\" alt=\"Grill \u017curaw wysi\u0119gnik rami\u0119 ruszt 70 nierdzewny nad ognisko ogrodowy\" style=\"max-width: 100%; height: auto; display: block; margin: 0 auto;\"><\/div>\n<\/div>\n<\/div>\n<\/div>\n<\/div>\n<div style=\"clear: both; display: block; margin: 10px 0;\">\n<div style=\"clear: both; display: block; margin: 10px 0;\">\n<div  style=\"max-width:2560px;max-height:1920px\">\n<div style=\"clear: both; display: block; margin: 10px 0;\">\n<div style=\"clear: both; width: 100%; display: block; margin: 20px 0; padding: 0; float: none; position: static; text-align: center;\"><img decoding=\"async\"  src=\"https:\/\/a.allegroimg.com\/original\/11a73a\/5ecbc0dd461ea2688acc6feadfdd\/Grill-zuraw-wysiegnik-ramie-ruszt-70-nierdzewny-nad-ognisko-ogrodowy-EAN-GTIN-5905265592657\" srcset=\"https:\/\/a.allegroimg.com\/original\/11a73a\/5ecbc0dd461ea2688acc6feadfdd\/Grill-zuraw-wysiegnik-ramie-ruszt-70-nierdzewny-nad-ognisko-ogrodowy-EAN-GTIN-5905265592657 360w,https:\/\/a.allegroimg.com\/original\/11a73a\/5ecbc0dd461ea2688acc6feadfdd\/Grill-zuraw-wysiegnik-ramie-ruszt-70-nierdzewny-nad-ognisko-ogrodowy-EAN-GTIN-5905265592657 720w,https:\/\/a.allegroimg.com\/original\/11a73a\/5ecbc0dd461ea2688acc6feadfdd\/Grill-zuraw-wysiegnik-ramie-ruszt-70-nierdzewny-nad-ognisko-ogrodowy-EAN-GTIN-5905265592657 1024w,https:\/\/a.allegroimg.com\/original\/11a73a\/5ecbc0dd461ea2688acc6feadfdd\/Grill-zuraw-wysiegnik-ramie-ruszt-70-nierdzewny-nad-ognisko-ogrodowy-EAN-GTIN-5905265592657 1440w,https:\/\/a.allegroimg.com\/original\/11a73a\/5ecbc0dd461ea2688acc6feadfdd\/Grill-zuraw-wysiegnik-ramie-ruszt-70-nierdzewny-nad-ognisko-ogrodowy-EAN-GTIN-5905265592657 2560w\" sizes=\"(min-width: 1200px) 560px, (min-width: 992px) 50vw, 100vw\" width=\"2560px\" alt=\"Grill \u017curaw wysi\u0119gnik rami\u0119 ruszt 70 nierdzewny nad ognisko ogrodowy EAN (GTIN) 5905265592657\" style=\"max-width: 100%; height: auto; display: block; margin: 0 auto;\"><\/div>\n<\/div>\n<\/div>\n<\/div>\n<\/div>\n<\/div>\n<div style=\"clear: both; display: block; margin: 10px 0;\">\n<div style=\"clear: both; display: block; margin: 10px 0;\">\n<div style=\"clear: both; display: block; margin: 10px 0;\">\n<h2>Ruszt o \u015brednicy 70 cm ze stali nierdzewnej INOX,<\/h2>\n<h2>mo\u017cna grillowa\u0107 bezpo\u015brednio na ruszcie bez u\u017cywania tacek do grillowania.<\/h2>\n<ul style=\"margin: 15px 0; padding-left: 20px; clear: both; display: block; width: 100%; float: none; position: static;\">\n<li style=\"margin: 5px 0; padding: 2px 0; clear: both; display: list-item; float: none; position: static;\">Kwasoodporny, odporny na rdz\u0119 oraz warunki atmosferyczne<\/li>\n<li style=\"margin: 5px 0; padding: 2px 0; clear: both; display: list-item; float: none; position: static;\">Obr\u0119cz dooko\u0142a rusztu grubo\u015b\u0107 3 mm wysoko\u015b\u0107 20 mm<\/li>\n<li style=\"margin: 5px 0; padding: 2px 0; clear: both; display: list-item; float: none; position: static;\">Obr\u0119cz chroni potrawy przed zsuwaniem si\u0119 z rusztu<\/li>\n<li style=\"margin: 5px 0; padding: 2px 0; clear: both; display: list-item; float: none; position: static;\">Pr\u0119t o grubo\u015bci 4 mm<\/li>\n<li style=\"margin: 5px 0; padding: 2px 0; clear: both; display: list-item; float: none; position: static;\">Posiada wzmocnienie przez \u015brodek- nadaje mu wi\u0119kszej sztywno\u015bci oraz wyd\u0142u\u017ca \u017cywotno\u015b\u0107<\/li>\n<li style=\"margin: 5px 0; padding: 2px 0; clear: both; display: list-item; float: none; position: static;\">Kolor rusztu nie zmieni si\u0119 pod wp\u0142ywem \u015brodk\u00f3w czyszcz\u0105cych<\/li>\n<\/ul>\n<h3 style=\"color: #2c5aa0; font-size: 18px; margin: 30px 0 15px 0; font-weight: bold; clear: both; display: block; width: 100%; float: none; position: static;\">Wysi\u0119gnik wykonany jest z rury fi 50 mm grubo\u015bci 2,8 mm<\/h3>\n<p style=\"margin: 15px 0; line-height: 1.8; clear: both; display: block; width: 100%; float: none; position: static;\">Ko\u0142owrotek posiada wygodn\u0105 drewnian\u0105 r\u0105czk\u0119, zapadka gwarantuje p\u0142ynn\u0105 oraz \u0142atw\u0105 regulacj\u0119 wysoko\u015bci rusztu. W komplecie linka, \u0142a\u0144cuchy, karabi\u0144czyki. Ko\u0142owrotek wykonany z blachy 4 mm.<\/p>\n<\/div>\n<\/div>\n<\/div>\n<div style=\"clear: both; display: block; margin: 10px 0;\">\n<div style=\"clear: both; display: block; margin: 10px 0;\">\n<div style=\"clear: both; display: block; margin: 10px 0;\">\n<div  style=\"max-width:2560px;max-height:1920px\">\n<div style=\"clear: both; display: block; margin: 10px 0;\">\n<div style=\"clear: both; width: 100%; display: block; margin: 20px 0; padding: 0; float: none; position: static; text-align: center;\"><img decoding=\"async\"  src=\"https:\/\/a.allegroimg.com\/original\/114ab9\/e5c6ce6148f2bfe84119007ae113\/Grill-zuraw-wysiegnik-ramie-ruszt-70-nierdzewny-nad-ognisko-ogrodowy-Producent-Talia-met\" srcset=\"https:\/\/a.allegroimg.com\/original\/114ab9\/e5c6ce6148f2bfe84119007ae113\/Grill-zuraw-wysiegnik-ramie-ruszt-70-nierdzewny-nad-ognisko-ogrodowy-Producent-Talia-met 360w,https:\/\/a.allegroimg.com\/original\/114ab9\/e5c6ce6148f2bfe84119007ae113\/Grill-zuraw-wysiegnik-ramie-ruszt-70-nierdzewny-nad-ognisko-ogrodowy-Producent-Talia-met 720w,https:\/\/a.allegroimg.com\/original\/114ab9\/e5c6ce6148f2bfe84119007ae113\/Grill-zuraw-wysiegnik-ramie-ruszt-70-nierdzewny-nad-ognisko-ogrodowy-Producent-Talia-met 1024w,https:\/\/a.allegroimg.com\/original\/114ab9\/e5c6ce6148f2bfe84119007ae113\/Grill-zuraw-wysiegnik-ramie-ruszt-70-nierdzewny-nad-ognisko-ogrodowy-Producent-Talia-met 1440w,https:\/\/a.allegroimg.com\/original\/114ab9\/e5c6ce6148f2bfe84119007ae113\/Grill-zuraw-wysiegnik-ramie-ruszt-70-nierdzewny-nad-ognisko-ogrodowy-Producent-Talia-met 2560w\" sizes=\"(min-width: 1200px) 560px, (min-width: 992px) 50vw, 100vw\" width=\"2560px\" alt=\"Grill \u017curaw wysi\u0119gnik rami\u0119 ruszt 70 nierdzewny nad ognisko ogrodowy Producent Talia-met\" style=\"max-width: 100%; height: auto; display: block; margin: 0 auto;\"><\/div>\n<\/div>\n<\/div>\n<\/div>\n<\/div>\n<div style=\"clear: both; display: block; margin: 10px 0;\">\n<div style=\"clear: both; display: block; margin: 10px 0;\">\n<div  style=\"max-width:1511px;max-height:1133px\">\n<div style=\"clear: both; display: block; margin: 10px 0;\">\n<div style=\"clear: both; width: 100%; display: block; margin: 20px 0; padding: 0; float: none; position: static; text-align: center;\"><img decoding=\"async\"  src=\"https:\/\/a.allegroimg.com\/original\/117a1a\/e612bf304774ab05e9d0cdca8603\/Grill-zuraw-wysiegnik-ramie-ruszt-70-nierdzewny-nad-ognisko-ogrodowy-Kod-producenta-wysiegnik-zuraw\" srcset=\"https:\/\/a.allegroimg.com\/original\/117a1a\/e612bf304774ab05e9d0cdca8603\/Grill-zuraw-wysiegnik-ramie-ruszt-70-nierdzewny-nad-ognisko-ogrodowy-Kod-producenta-wysiegnik-zuraw 360w,https:\/\/a.allegroimg.com\/original\/117a1a\/e612bf304774ab05e9d0cdca8603\/Grill-zuraw-wysiegnik-ramie-ruszt-70-nierdzewny-nad-ognisko-ogrodowy-Kod-producenta-wysiegnik-zuraw 720w,https:\/\/a.allegroimg.com\/original\/117a1a\/e612bf304774ab05e9d0cdca8603\/Grill-zuraw-wysiegnik-ramie-ruszt-70-nierdzewny-nad-ognisko-ogrodowy-Kod-producenta-wysiegnik-zuraw 1024w,https:\/\/a.allegroimg.com\/original\/117a1a\/e612bf304774ab05e9d0cdca8603\/Grill-zuraw-wysiegnik-ramie-ruszt-70-nierdzewny-nad-ognisko-ogrodowy-Kod-producenta-wysiegnik-zuraw 1440w,https:\/\/a.allegroimg.com\/original\/117a1a\/e612bf304774ab05e9d0cdca8603\/Grill-zuraw-wysiegnik-ramie-ruszt-70-nierdzewny-nad-ognisko-ogrodowy-Kod-producenta-wysiegnik-zuraw 1511w\" sizes=\"(min-width: 1200px) 560px, (min-width: 992px) 50vw, 100vw\" width=\"1511px\" alt=\"Grill \u017curaw wysi\u0119gnik rami\u0119 ruszt 70 nierdzewny nad ognisko ogrodowy Kod producenta wysi\u0119gnik \u017curaw\" style=\"max-width: 100%; height: auto; display: block; margin: 0 auto;\"><\/div>\n<\/div>\n<\/div>\n<\/div>\n<\/div>\n<\/div>\n<div style=\"clear: both; display: block; margin: 10px 0;\">\n<div style=\"clear: both; display: block; margin: 10px 0;\">\n<div style=\"clear: both; display: block; margin: 10px 0;\">\n<h3 style=\"color: #2c5aa0; font-size: 18px; margin: 30px 0 15px 0; font-weight: bold; clear: both; display: block; width: 100%; float: none; position: static;\">Zestaw z paleniskiem lub uchwytem do monta\u017cu \u017curawia mo\u017cna kupi\u0107 na innych naszych ofertach.<\/h3>\n<\/div>\n<\/div>\n<\/div>\n<\/div>\n<\/div>\n<\/div>\n<div style=\"clear: both; display: block; margin: 10px 0;\">\n","protected":false},"excerpt":{"rendered":"<p>Wysi\u0119gnik ogrodowy \u017bURAW 180 cm &#8211; ruszt 70 nierdzewny<\/p>\n<p>Ruszt o \u015brednicy 70 cm ze stali nierdzewnej INOX,<\/p>\n<p>mo\u017cna grillowa\u0107 bezpo\u015brednio na ruszcie bez u\u017cywania tacek do grillowania.<\/p>\n<p>Kwasoodporny, odporny na rdz\u0119 oraz warunki atmosferyczne<\/p>\n<p>Obr\u0119cz dooko\u0142a rusztu grubo\u015b\u0107 3 mm wysoko\u015b\u0107 20 mm<\/p>\n<p>Obr\u0119cz chroni potrawy przed zsuwaniem si\u0119 z rusztu<\/p>\n<p>Pr\u0119t o grubo\u015bci 4 mm<\/p>\n<p>Posiada wzmocnienie przez \u015brodek- nadaje mu wi\u0119kszej sztywno\u015bci oraz wyd\u0142u\u017ca \u017cywotno\u015b\u0107<\/p>\n","protected":false},"featured_media":15304,"template":"","meta":{"_uag_custom_page_level_css":""},"product_brand":[842],"product_cat":[795,541,829],"product_tag":[],"class_list":{"0":"post-15303","1":"product","2":"type-product","3":"status-publish","4":"has-post-thumbnail","6":"product_brand-talia-met","7":"product_cat-grillowanie","8":"product_cat-ogrod","9":"product_cat-paleniska-ogrodowe","11":"first","12":"instock","13":"sale","14":"shipping-taxable","15":"purchasable","16":"product-type-simple"},"uagb_featured_image_src":{"full":["https:\/\/tivrano.shop\/grill\/wp-content\/uploads\/2026\/03\/allegro-image-15303.jpg",1460,1595,false],"thumbnail":["https:\/\/tivrano.shop\/grill\/wp-content\/uploads\/2026\/03\/allegro-image-15303-150x150.jpg",150,150,true],"medium":["https:\/\/tivrano.shop\/grill\/wp-content\/uploads\/2026\/03\/allegro-image-15303-275x300.jpg",275,300,true],"medium_large":["https:\/\/tivrano.shop\/grill\/wp-content\/uploads\/2026\/03\/allegro-image-15303-768x839.jpg",768,839,true],"large":["https:\/\/tivrano.shop\/grill\/wp-content\/uploads\/2026\/03\/allegro-image-15303-937x1024.jpg",937,1024,true],"1536x1536":["https:\/\/tivrano.shop\/grill\/wp-content\/uploads\/2026\/03\/allegro-image-15303-1406x1536.jpg",1406,1536,true],"2048x2048":["https:\/\/tivrano.shop\/grill\/wp-content\/uploads\/2026\/03\/allegro-image-15303.jpg",1460,1595,false],"woocommerce_thumbnail":["https:\/\/tivrano.shop\/grill\/wp-content\/uploads\/2026\/03\/allegro-image-15303-300x300.jpg",300,300,true],"woocommerce_single":["https:\/\/tivrano.shop\/grill\/wp-content\/uploads\/2026\/03\/allegro-image-15303-600x655.jpg",600,655,true],"woocommerce_gallery_thumbnail":["https:\/\/tivrano.shop\/grill\/wp-content\/uploads\/2026\/03\/allegro-image-15303-100x100.jpg",100,100,true]},"uagb_author_info":{"display_name":"admin","author_link":"https:\/\/tivrano.shop\/grill\/author\/"},"uagb_comment_info":0,"uagb_excerpt":"Wysi\u0119gnik ogrodowy \u017bURAW 180 cm - ruszt 70 nierdzewny Ruszt o \u015brednicy 70 cm ze stali nierdzewnej INOX, mo\u017cna grillowa\u0107 bezpo\u015brednio na ruszcie bez u\u017cywania tacek do grillowania. Kwasoodporny, odporny na rdz\u0119 oraz warunki atmosferyczne Obr\u0119cz dooko\u0142a rusztu grubo\u015b\u0107 3 mm wysoko\u015b\u0107 20 mm Obr\u0119cz chroni potrawy przed zsuwaniem si\u0119 z rusztu Pr\u0119t o grubo\u015bci&hellip;","_links":{"self":[{"href":"https:\/\/tivrano.shop\/grill\/wp-json\/wp\/v2\/product\/15303","targetHints":{"allow":["GET"]}}],"collection":[{"href":"https:\/\/tivrano.shop\/grill\/wp-json\/wp\/v2\/product"}],"about":[{"href":"https:\/\/tivrano.shop\/grill\/wp-json\/wp\/v2\/types\/product"}],"wp:featuredmedia":[{"embeddable":true,"href":"https:\/\/tivrano.shop\/grill\/wp-json\/wp\/v2\/media\/15304"}],"wp:attachment":[{"href":"https:\/\/tivrano.shop\/grill\/wp-json\/wp\/v2\/media?parent=15303"}],"wp:term":[{"taxonomy":"product_brand","embeddable":true,"href":"https:\/\/tivrano.shop\/grill\/wp-json\/wp\/v2\/product_brand?post=15303"},{"taxonomy":"product_cat","embeddable":true,"href":"https:\/\/tivrano.shop\/grill\/wp-json\/wp\/v2\/product_cat?post=15303"},{"taxonomy":"product_tag","embeddable":true,"href":"https:\/\/tivrano.shop\/grill\/wp-json\/wp\/v2\/product_tag?post=15303"}],"curies":[{"name":"wp","href":"https:\/\/api.w.org\/{rel}","templated":true}]}}